{"id":213,"date":"2023-01-11T09:40:57","date_gmt":"2023-01-11T09:40:57","guid":{"rendered":"https:\/\/tw.cm.upt.ro\/10\/?page_id=213"},"modified":"2023-01-11T10:56:58","modified_gmt":"2023-01-11T10:56:58","slug":"lets-see-beer-time","status":"publish","type":"page","link":"https:\/\/tw.cm.upt.ro\/10\/lets-see-beer-time\/","title":{"rendered":"Let&#8217;s see &#8211; Beer time!"},"content":{"rendered":"<div id=\"fb-root\"><\/div>\n\n<p>Acum c\u0103 ai trecut prin acest minunat \u0219i informativ blog (sau poate nu prin tot&#8230;), urmeaz\u0103 s\u0103 vedem pu\u021bin \u0219i c\u00e2teva m\u0103rci de bere artizanal\u0103 rom\u00e2neasc\u0103 care au un design \u201edelicious\u201d!<\/p>\n\n\n\n<p>Here we gooo! Check the beauties!<\/p>\n","protected":false},"excerpt":{"rendered":"<p>Acum c\u0103 ai trecut prin acest minunat \u0219i informativ blog (sau poate nu prin tot&#8230;), urmeaz\u0103 s\u0103 vedem pu\u021bin \u0219i c\u00e2teva m\u0103rci de bere artizanal\u0103 rom\u00e2neasc\u0103 care au un design \u201edelicious\u201d! Here we gooo! Check the beauties!<\/p>\n","protected":false},"author":1,"featured_media":0,"parent":0,"menu_order":0,"comment_status":"closed","ping_status":"closed","template":"","meta":{"wprm-recipe-roundup-name":"","wprm-recipe-roundup-description":"","ngg_post_thumbnail":0,"footnotes":""},"class_list":["post-213","page","type-page","status-publish","hentry"],"yoast_head":"<!-- This site is optimized with the Yoast SEO plugin v27.1.1 - https:\/\/yoast.com\/product\/yoast-seo-wordpress\/ -->\n<title>Let&#039;s see - Beer time! - PR&amp;Beer<\/title>\n<meta name=\"robots\" content=\"index, follow, max-snippet:-1, max-image-preview:large, max-video-preview:-1\" \/>\n<link rel=\"canonical\" href=\"https:\/\/tw.cm.upt.ro\/10\/lets-see-beer-time\/\" \/>\n<meta property=\"og:locale\" content=\"en_US\" \/>\n<meta property=\"og:type\" content=\"article\" \/>\n<meta property=\"og:title\" content=\"Let&#039;s see - Beer time! - PR&amp;Beer\" \/>\n<meta property=\"og:description\" content=\"Acum c\u0103 ai trecut prin acest minunat \u0219i informativ blog (sau poate nu prin tot&#8230;), urmeaz\u0103 s\u0103 vedem pu\u021bin \u0219i c\u00e2teva m\u0103rci de bere artizanal\u0103 rom\u00e2neasc\u0103 care au un design \u201edelicious\u201d! Here we gooo! Check the beauties!\" \/>\n<meta property=\"og:url\" content=\"https:\/\/tw.cm.upt.ro\/10\/lets-see-beer-time\/\" \/>\n<meta property=\"og:site_name\" content=\"PR&amp;Beer\" \/>\n<meta property=\"article:modified_time\" content=\"2023-01-11T10:56:58+00:00\" \/>\n<meta name=\"twitter:card\" content=\"summary_large_image\" \/>\n<meta name=\"twitter:label1\" content=\"Est. reading time\" \/>\n\t<meta name=\"twitter:data1\" content=\"1 minute\" \/>\n<script type=\"application\/ld+json\" class=\"yoast-schema-graph\">{\"@context\":\"https:\/\/schema.org\",\"@graph\":[{\"@type\":\"WebPage\",\"@id\":\"https:\/\/tw.cm.upt.ro\/10\/lets-see-beer-time\/\",\"url\":\"https:\/\/tw.cm.upt.ro\/10\/lets-see-beer-time\/\",\"name\":\"Let's see - Beer time! - PR&amp;Beer\",\"isPartOf\":{\"@id\":\"https:\/\/tw.cm.upt.ro\/10\/#website\"},\"datePublished\":\"2023-01-11T09:40:57+00:00\",\"dateModified\":\"2023-01-11T10:56:58+00:00\",\"breadcrumb\":{\"@id\":\"https:\/\/tw.cm.upt.ro\/10\/lets-see-beer-time\/#breadcrumb\"},\"inLanguage\":\"en-US\",\"potentialAction\":[{\"@type\":\"ReadAction\",\"target\":[\"https:\/\/tw.cm.upt.ro\/10\/lets-see-beer-time\/\"]}]},{\"@type\":\"BreadcrumbList\",\"@id\":\"https:\/\/tw.cm.upt.ro\/10\/lets-see-beer-time\/#breadcrumb\",\"itemListElement\":[{\"@type\":\"ListItem\",\"position\":1,\"name\":\"Home\",\"item\":\"https:\/\/tw.cm.upt.ro\/10\/\"},{\"@type\":\"ListItem\",\"position\":2,\"name\":\"Let&#8217;s see &#8211; Beer time!\"}]},{\"@type\":\"WebSite\",\"@id\":\"https:\/\/tw.cm.upt.ro\/10\/#website\",\"url\":\"https:\/\/tw.cm.upt.ro\/10\/\",\"name\":\"PR&amp;Beer\",\"description\":\"Drink the Creativity Up\",\"publisher\":{\"@id\":\"https:\/\/tw.cm.upt.ro\/10\/#organization\"},\"potentialAction\":[{\"@type\":\"SearchAction\",\"target\":{\"@type\":\"EntryPoint\",\"urlTemplate\":\"https:\/\/tw.cm.upt.ro\/10\/?s={search_term_string}\"},\"query-input\":{\"@type\":\"PropertyValueSpecification\",\"valueRequired\":true,\"valueName\":\"search_term_string\"}}],\"inLanguage\":\"en-US\"},{\"@type\":\"Organization\",\"@id\":\"https:\/\/tw.cm.upt.ro\/10\/#organization\",\"name\":\"PR&amp;Beer\",\"url\":\"https:\/\/tw.cm.upt.ro\/10\/\",\"logo\":{\"@type\":\"ImageObject\",\"inLanguage\":\"en-US\",\"@id\":\"https:\/\/tw.cm.upt.ro\/10\/#\/schema\/logo\/image\/\",\"url\":\"https:\/\/tw.cm.upt.ro\/10\/wp-content\/uploads\/sites\/222\/2023\/01\/cropped-WhatsApp-Image-2023-01-10-at-20.42.31.jpeg\",\"contentUrl\":\"https:\/\/tw.cm.upt.ro\/10\/wp-content\/uploads\/sites\/222\/2023\/01\/cropped-WhatsApp-Image-2023-01-10-at-20.42.31.jpeg\",\"width\":240,\"height\":131,\"caption\":\"PR&amp;Beer\"},\"image\":{\"@id\":\"https:\/\/tw.cm.upt.ro\/10\/#\/schema\/logo\/image\/\"}}]}<\/script>\n<!-- \/ Yoast SEO plugin. -->","yoast_head_json":{"title":"Let's see - Beer time! - PR&amp;Beer","robots":{"index":"index","follow":"follow","max-snippet":"max-snippet:-1","max-image-preview":"max-image-preview:large","max-video-preview":"max-video-preview:-1"},"canonical":"https:\/\/tw.cm.upt.ro\/10\/lets-see-beer-time\/","og_locale":"en_US","og_type":"article","og_title":"Let's see - Beer time! - PR&amp;Beer","og_description":"Acum c\u0103 ai trecut prin acest minunat \u0219i informativ blog (sau poate nu prin tot&#8230;), urmeaz\u0103 s\u0103 vedem pu\u021bin \u0219i c\u00e2teva m\u0103rci de bere artizanal\u0103 rom\u00e2neasc\u0103 care au un design \u201edelicious\u201d! Here we gooo! Check the beauties!","og_url":"https:\/\/tw.cm.upt.ro\/10\/lets-see-beer-time\/","og_site_name":"PR&amp;Beer","article_modified_time":"2023-01-11T10:56:58+00:00","twitter_card":"summary_large_image","twitter_misc":{"Est. reading time":"1 minute"},"schema":{"@context":"https:\/\/schema.org","@graph":[{"@type":"WebPage","@id":"https:\/\/tw.cm.upt.ro\/10\/lets-see-beer-time\/","url":"https:\/\/tw.cm.upt.ro\/10\/lets-see-beer-time\/","name":"Let's see - Beer time! - PR&amp;Beer","isPartOf":{"@id":"https:\/\/tw.cm.upt.ro\/10\/#website"},"datePublished":"2023-01-11T09:40:57+00:00","dateModified":"2023-01-11T10:56:58+00:00","breadcrumb":{"@id":"https:\/\/tw.cm.upt.ro\/10\/lets-see-beer-time\/#breadcrumb"},"inLanguage":"en-US","potentialAction":[{"@type":"ReadAction","target":["https:\/\/tw.cm.upt.ro\/10\/lets-see-beer-time\/"]}]},{"@type":"BreadcrumbList","@id":"https:\/\/tw.cm.upt.ro\/10\/lets-see-beer-time\/#breadcrumb","itemListElement":[{"@type":"ListItem","position":1,"name":"Home","item":"https:\/\/tw.cm.upt.ro\/10\/"},{"@type":"ListItem","position":2,"name":"Let&#8217;s see &#8211; Beer time!"}]},{"@type":"WebSite","@id":"https:\/\/tw.cm.upt.ro\/10\/#website","url":"https:\/\/tw.cm.upt.ro\/10\/","name":"PR&amp;Beer","description":"Drink the Creativity Up","publisher":{"@id":"https:\/\/tw.cm.upt.ro\/10\/#organization"},"potentialAction":[{"@type":"SearchAction","target":{"@type":"EntryPoint","urlTemplate":"https:\/\/tw.cm.upt.ro\/10\/?s={search_term_string}"},"query-input":{"@type":"PropertyValueSpecification","valueRequired":true,"valueName":"search_term_string"}}],"inLanguage":"en-US"},{"@type":"Organization","@id":"https:\/\/tw.cm.upt.ro\/10\/#organization","name":"PR&amp;Beer","url":"https:\/\/tw.cm.upt.ro\/10\/","logo":{"@type":"ImageObject","inLanguage":"en-US","@id":"https:\/\/tw.cm.upt.ro\/10\/#\/schema\/logo\/image\/","url":"https:\/\/tw.cm.upt.ro\/10\/wp-content\/uploads\/sites\/222\/2023\/01\/cropped-WhatsApp-Image-2023-01-10-at-20.42.31.jpeg","contentUrl":"https:\/\/tw.cm.upt.ro\/10\/wp-content\/uploads\/sites\/222\/2023\/01\/cropped-WhatsApp-Image-2023-01-10-at-20.42.31.jpeg","width":240,"height":131,"caption":"PR&amp;Beer"},"image":{"@id":"https:\/\/tw.cm.upt.ro\/10\/#\/schema\/logo\/image\/"}}]}},"_links":{"self":[{"href":"https:\/\/tw.cm.upt.ro\/10\/wp-json\/wp\/v2\/pages\/213","targetHints":{"allow":["GET"]}}],"collection":[{"href":"https:\/\/tw.cm.upt.ro\/10\/wp-json\/wp\/v2\/pages"}],"about":[{"href":"https:\/\/tw.cm.upt.ro\/10\/wp-json\/wp\/v2\/types\/page"}],"author":[{"embeddable":true,"href":"https:\/\/tw.cm.upt.ro\/10\/wp-json\/wp\/v2\/users\/1"}],"replies":[{"embeddable":true,"href":"https:\/\/tw.cm.upt.ro\/10\/wp-json\/wp\/v2\/comments?post=213"}],"version-history":[{"count":2,"href":"https:\/\/tw.cm.upt.ro\/10\/wp-json\/wp\/v2\/pages\/213\/revisions"}],"predecessor-version":[{"id":246,"href":"https:\/\/tw.cm.upt.ro\/10\/wp-json\/wp\/v2\/pages\/213\/revisions\/246"}],"wp:attachment":[{"href":"https:\/\/tw.cm.upt.ro\/10\/wp-json\/wp\/v2\/media?parent=213"}],"curies":[{"name":"wp","href":"https:\/\/api.w.org\/{rel}","templated":true}]}}