{"id":38,"date":"2022-12-05T13:43:14","date_gmt":"2022-12-05T13:43:14","guid":{"rendered":"https:\/\/tw.cm.upt.ro\/11\/?page_id=38"},"modified":"2022-12-13T14:25:13","modified_gmt":"2022-12-13T14:25:13","slug":"despre-mine","status":"publish","type":"page","link":"https:\/\/tw.cm.upt.ro\/11\/despre-mine\/","title":{"rendered":""},"content":{"rendered":"<div id=\"fb-root\"><\/div>\n\t\t<div data-elementor-type=\"wp-page\" data-elementor-id=\"38\" class=\"elementor elementor-38\">\n\t\t\t\t\t\t<section class=\"elementor-section elementor-top-section elementor-element elementor-element-890a5bb elementor-section-boxed elementor-section-height-default elementor-section-height-default\" data-id=\"890a5bb\" data-element_type=\"section\" data-e-type=\"section\">\n\t\t\t\t\t\t<div class=\"elementor-container elementor-column-gap-default\">\n\t\t\t\t\t<div class=\"elementor-column elementor-col-100 elementor-top-column elementor-element elementor-element-50148971\" data-id=\"50148971\" data-element_type=\"column\" data-e-type=\"column\">\n\t\t\t<div class=\"elementor-widget-wrap\">\n\t\t\t\t\t\t\t<\/div>\n\t\t<\/div>\n\t\t\t\t\t<\/div>\n\t\t<\/section>\n\t\t\t\t<section class=\"elementor-section elementor-top-section elementor-element elementor-element-3297d7 elementor-section-content-middle elementor-section-boxed elementor-section-height-default elementor-section-height-default\" data-id=\"3297d7\" data-element_type=\"section\" data-e-type=\"section\">\n\t\t\t\t\t\t<div class=\"elementor-container elementor-column-gap-no\">\n\t\t\t\t\t<div class=\"elementor-column elementor-col-100 elementor-top-column elementor-element elementor-element-40ba3115\" data-id=\"40ba3115\" data-element_type=\"column\" data-e-type=\"column\">\n\t\t\t<div class=\"elementor-widget-wrap elementor-element-populated\">\n\t\t\t\t\t\t<div class=\"elementor-element elementor-element-143c10c7 elementor-widget elementor-widget-image\" data-id=\"143c10c7\" data-element_type=\"widget\" data-e-type=\"widget\" data-widget_type=\"image.default\">\n\t\t\t\t<div class=\"elementor-widget-container\">\n\t\t\t\t\t\t\t\t\t\t\t\t\t\t\t<img fetchpriority=\"high\" decoding=\"async\" width=\"2560\" height=\"1280\" src=\"https:\/\/tw.cm.upt.ro\/11\/wp-content\/uploads\/sites\/223\/2022\/12\/6173053-scaled.jpg\" class=\"attachment-full size-full wp-image-91\" alt=\"\" srcset=\"https:\/\/tw.cm.upt.ro\/11\/wp-content\/uploads\/sites\/223\/2022\/12\/6173053-scaled.jpg 2560w, https:\/\/tw.cm.upt.ro\/11\/wp-content\/uploads\/sites\/223\/2022\/12\/6173053-300x150.jpg 300w, https:\/\/tw.cm.upt.ro\/11\/wp-content\/uploads\/sites\/223\/2022\/12\/6173053-1024x512.jpg 1024w, https:\/\/tw.cm.upt.ro\/11\/wp-content\/uploads\/sites\/223\/2022\/12\/6173053-768x384.jpg 768w, https:\/\/tw.cm.upt.ro\/11\/wp-content\/uploads\/sites\/223\/2022\/12\/6173053-150x75.jpg 150w, https:\/\/tw.cm.upt.ro\/11\/wp-content\/uploads\/sites\/223\/2022\/12\/6173053-600x300.jpg 600w, https:\/\/tw.cm.upt.ro\/11\/wp-content\/uploads\/sites\/223\/2022\/12\/6173053-1536x768.jpg 1536w, https:\/\/tw.cm.upt.ro\/11\/wp-content\/uploads\/sites\/223\/2022\/12\/6173053-2048x1024.jpg 2048w, https:\/\/tw.cm.upt.ro\/11\/wp-content\/uploads\/sites\/223\/2022\/12\/6173053-1080x540.jpg 1080w, https:\/\/tw.cm.upt.ro\/11\/wp-content\/uploads\/sites\/223\/2022\/12\/6173053-1140x570.jpg 1140w\" sizes=\"(max-width: 2560px) 100vw, 2560px\" \/>\t\t\t\t\t\t\t\t\t\t\t\t\t\t\t<\/div>\n\t\t\t\t<\/div>\n\t\t\t\t<div class=\"elementor-element elementor-element-3c0020f0 elementor-widget elementor-widget-heading\" data-id=\"3c0020f0\" data-element_type=\"widget\" data-e-type=\"widget\" data-widget_type=\"heading.default\">\n\t\t\t\t<div class=\"elementor-widget-container\">\n\t\t\t\t\t<h3 class=\"elementor-heading-title elementor-size-default\">Despre blog<\/h3>\t\t\t\t<\/div>\n\t\t\t\t<\/div>\n\t\t\t\t<div class=\"elementor-element elementor-element-ad480c5 elementor-widget elementor-widget-text-editor\" data-id=\"ad480c5\" data-element_type=\"widget\" data-e-type=\"widget\" data-widget_type=\"text-editor.default\">\n\t\t\t\t<div class=\"elementor-widget-container\">\n\t\t\t\t\t\t\t\t\t<p>Narukami este locul unde g\u0103se\u0219ti con\u021binut legat de anime \u0219i manga. Voi posta periodic nout\u0103\u021bi, review-uri \u0219i recomand\u0103ri.<\/p>\t\t\t\t\t\t\t\t<\/div>\n\t\t\t\t<\/div>\n\t\t\t\t\t<\/div>\n\t\t<\/div>\n\t\t\t\t\t<\/div>\n\t\t<\/section>\n\t\t\t\t<section class=\"elementor-section elementor-top-section elementor-element elementor-element-2aa6fd2c elementor-section-content-middle elementor-section-boxed elementor-section-height-default elementor-section-height-default\" data-id=\"2aa6fd2c\" data-element_type=\"section\" data-e-type=\"section\">\n\t\t\t\t\t\t<div class=\"elementor-container elementor-column-gap-no\">\n\t\t\t\t\t<div class=\"elementor-column elementor-col-50 elementor-top-column elementor-element elementor-element-ae89e85\" data-id=\"ae89e85\" data-element_type=\"column\" data-e-type=\"column\">\n\t\t\t<div class=\"elementor-widget-wrap elementor-element-populated\">\n\t\t\t\t\t\t<div class=\"elementor-element elementor-element-41789e55 elementor-widget elementor-widget-image\" data-id=\"41789e55\" data-element_type=\"widget\" data-e-type=\"widget\" data-widget_type=\"image.default\">\n\t\t\t\t<div class=\"elementor-widget-container\">\n\t\t\t\t\t\t\t\t\t\t\t\t\t\t\t<img decoding=\"async\" width=\"691\" height=\"687\" src=\"https:\/\/tw.cm.upt.ro\/11\/wp-content\/uploads\/sites\/223\/2022\/12\/NicePng_natsu-png_1484162.png\" class=\"attachment-full size-full wp-image-224\" alt=\"\" srcset=\"https:\/\/tw.cm.upt.ro\/11\/wp-content\/uploads\/sites\/223\/2022\/12\/NicePng_natsu-png_1484162.png 691w, https:\/\/tw.cm.upt.ro\/11\/wp-content\/uploads\/sites\/223\/2022\/12\/NicePng_natsu-png_1484162-300x298.png 300w, https:\/\/tw.cm.upt.ro\/11\/wp-content\/uploads\/sites\/223\/2022\/12\/NicePng_natsu-png_1484162-150x149.png 150w, https:\/\/tw.cm.upt.ro\/11\/wp-content\/uploads\/sites\/223\/2022\/12\/NicePng_natsu-png_1484162-600x597.png 600w, https:\/\/tw.cm.upt.ro\/11\/wp-content\/uploads\/sites\/223\/2022\/12\/NicePng_natsu-png_1484162-75x75.png 75w\" sizes=\"(max-width: 691px) 100vw, 691px\" \/>\t\t\t\t\t\t\t\t\t\t\t\t\t\t\t<\/div>\n\t\t\t\t<\/div>\n\t\t\t\t\t<\/div>\n\t\t<\/div>\n\t\t\t\t<div class=\"elementor-column elementor-col-50 elementor-top-column elementor-element elementor-element-5717d882\" data-id=\"5717d882\" data-element_type=\"column\" data-e-type=\"column\">\n\t\t\t<div class=\"elementor-widget-wrap elementor-element-populated\">\n\t\t\t\t\t\t<div class=\"elementor-element elementor-element-45fec695 elementor-widget elementor-widget-heading\" data-id=\"45fec695\" data-element_type=\"widget\" data-e-type=\"widget\" data-widget_type=\"heading.default\">\n\t\t\t\t<div class=\"elementor-widget-container\">\n\t\t\t\t\t<h4 class=\"elementor-heading-title elementor-size-default\">Despre mine<\/h4>\t\t\t\t<\/div>\n\t\t\t\t<\/div>\n\t\t\t\t<div class=\"elementor-element elementor-element-7fc71658 elementor-widget elementor-widget-text-editor\" data-id=\"7fc71658\" data-element_type=\"widget\" data-e-type=\"widget\" data-widget_type=\"text-editor.default\">\n\t\t\t\t<div class=\"elementor-widget-container\">\n\t\t\t\t\t\t\t\t\t<div class=\"page-content\">\n<div class=\"main-content clear-fix boxed-wrapper\" data-sidebar-sticky=\"1\">\n<div class=\"main-container\">\n<article id=\"page-38\" class=\"post-38 page type-page status-publish hentry\">\n<div class=\"post-content\">\n<p>Bun\u0103, m\u0103 numesc Anitta, am 25 de ani \u0219i sunt student\u0103 \u00een anul II master la Comunicare, rela\u021bii publice \u0219i media digital\u0103, la Universitatea Politehnic\u0103 Timi\u0219oara. Am creat acest blog datorit\u0103 pasiunii mele pentru anime \u0219i manga, dar \u0219i pentru a-mi imp\u0103rt\u0103\u0219i p\u0103rerile mele tuturor persoanele interesate.<\/p><\/div><\/article><\/div><\/div><\/div>\t\t\t\t\t\t\t\t<\/div>\n\t\t\t\t<\/div>\n\t\t\t\t\t<\/div>\n\t\t<\/div>\n\t\t\t\t\t<\/div>\n\t\t<\/section>\n\t\t\t\t<\/div>\n\t\t","protected":false},"excerpt":{"rendered":"<p>Despre blog Narukami este locul unde g\u0103se\u0219ti con\u021binut legat de anime \u0219i manga. Voi posta periodic nout\u0103\u021bi, review-uri \u0219i recomand\u0103ri. Despre mine Bun\u0103, m\u0103 numesc Anitta, am 25 de ani \u0219i sunt student\u0103 \u00een anul II master la Comunicare, rela\u021bii publice \u0219i media digital\u0103, la Universitatea Politehnic\u0103 Timi\u0219oara. Am creat acest blog datorit\u0103 pasiunii mele pentru anime \u0219i manga, dar \u0219i pentru a-mi imp\u0103rt\u0103\u0219i p\u0103rerile mele tuturor persoanele interesate.<\/p>\n","protected":false},"author":221,"featured_media":0,"parent":0,"menu_order":0,"comment_status":"closed","ping_status":"closed","template":"","meta":{"wprm-recipe-roundup-name":"","wprm-recipe-roundup-description":"","ngg_post_thumbnail":0,"footnotes":""},"class_list":["post-38","page","type-page","status-publish","hentry"],"yoast_head":"<!-- This site is optimized with the Yoast SEO plugin v27.1.1 - https:\/\/yoast.com\/product\/yoast-seo-wordpress\/ -->\n<title>- Narukami<\/title>\n<meta name=\"robots\" content=\"index, follow, max-snippet:-1, max-image-preview:large, max-video-preview:-1\" \/>\n<link rel=\"canonical\" href=\"https:\/\/tw.cm.upt.ro\/11\/despre-mine\/\" \/>\n<meta property=\"og:locale\" content=\"en_US\" \/>\n<meta property=\"og:type\" content=\"article\" \/>\n<meta property=\"og:title\" content=\"- Narukami\" \/>\n<meta property=\"og:description\" content=\"Despre blog Narukami este locul unde g\u0103se\u0219ti con\u021binut legat de anime \u0219i manga. Voi posta periodic nout\u0103\u021bi, review-uri \u0219i recomand\u0103ri. Despre mine Bun\u0103, m\u0103 numesc Anitta, am 25 de ani \u0219i sunt student\u0103 \u00een anul II master la Comunicare, rela\u021bii publice \u0219i media digital\u0103, la Universitatea Politehnic\u0103 Timi\u0219oara. Am creat acest blog datorit\u0103 pasiunii mele pentru anime \u0219i manga, dar \u0219i pentru a-mi imp\u0103rt\u0103\u0219i p\u0103rerile mele tuturor persoanele interesate.\" \/>\n<meta property=\"og:url\" content=\"https:\/\/tw.cm.upt.ro\/11\/despre-mine\/\" \/>\n<meta property=\"og:site_name\" content=\"Narukami\" \/>\n<meta property=\"article:modified_time\" content=\"2022-12-13T14:25:13+00:00\" \/>\n<meta property=\"og:image\" content=\"http:\/\/tw.cm.upt.ro\/11\/wp-content\/uploads\/sites\/223\/2022\/12\/6173053-scaled.jpg\" \/>\n<meta name=\"twitter:card\" content=\"summary_large_image\" \/>\n<meta name=\"twitter:label1\" content=\"Est. reading time\" \/>\n\t<meta name=\"twitter:data1\" content=\"1 minute\" \/>\n<script type=\"application\/ld+json\" class=\"yoast-schema-graph\">{\"@context\":\"https:\/\/schema.org\",\"@graph\":[{\"@type\":\"WebPage\",\"@id\":\"https:\/\/tw.cm.upt.ro\/11\/despre-mine\/\",\"url\":\"https:\/\/tw.cm.upt.ro\/11\/despre-mine\/\",\"name\":\"- Narukami\",\"isPartOf\":{\"@id\":\"https:\/\/tw.cm.upt.ro\/11\/#website\"},\"primaryImageOfPage\":{\"@id\":\"https:\/\/tw.cm.upt.ro\/11\/despre-mine\/#primaryimage\"},\"image\":{\"@id\":\"https:\/\/tw.cm.upt.ro\/11\/despre-mine\/#primaryimage\"},\"thumbnailUrl\":\"http:\/\/tw.cm.upt.ro\/11\/wp-content\/uploads\/sites\/223\/2022\/12\/6173053-scaled.jpg\",\"datePublished\":\"2022-12-05T13:43:14+00:00\",\"dateModified\":\"2022-12-13T14:25:13+00:00\",\"inLanguage\":\"en-US\",\"potentialAction\":[{\"@type\":\"ReadAction\",\"target\":[\"https:\/\/tw.cm.upt.ro\/11\/despre-mine\/\"]}]},{\"@type\":\"ImageObject\",\"inLanguage\":\"en-US\",\"@id\":\"https:\/\/tw.cm.upt.ro\/11\/despre-mine\/#primaryimage\",\"url\":\"http:\/\/tw.cm.upt.ro\/11\/wp-content\/uploads\/sites\/223\/2022\/12\/6173053-scaled.jpg\",\"contentUrl\":\"http:\/\/tw.cm.upt.ro\/11\/wp-content\/uploads\/sites\/223\/2022\/12\/6173053-scaled.jpg\"},{\"@type\":\"WebSite\",\"@id\":\"https:\/\/tw.cm.upt.ro\/11\/#website\",\"url\":\"https:\/\/tw.cm.upt.ro\/11\/\",\"name\":\"Narukami\",\"description\":\"Anime &amp; Manga Blog \",\"potentialAction\":[{\"@type\":\"SearchAction\",\"target\":{\"@type\":\"EntryPoint\",\"urlTemplate\":\"https:\/\/tw.cm.upt.ro\/11\/?s={search_term_string}\"},\"query-input\":{\"@type\":\"PropertyValueSpecification\",\"valueRequired\":true,\"valueName\":\"search_term_string\"}}],\"inLanguage\":\"en-US\"}]}<\/script>\n<!-- \/ Yoast SEO plugin. -->","yoast_head_json":{"title":"- Narukami","robots":{"index":"index","follow":"follow","max-snippet":"max-snippet:-1","max-image-preview":"max-image-preview:large","max-video-preview":"max-video-preview:-1"},"canonical":"https:\/\/tw.cm.upt.ro\/11\/despre-mine\/","og_locale":"en_US","og_type":"article","og_title":"- Narukami","og_description":"Despre blog Narukami este locul unde g\u0103se\u0219ti con\u021binut legat de anime \u0219i manga. Voi posta periodic nout\u0103\u021bi, review-uri \u0219i recomand\u0103ri. Despre mine Bun\u0103, m\u0103 numesc Anitta, am 25 de ani \u0219i sunt student\u0103 \u00een anul II master la Comunicare, rela\u021bii publice \u0219i media digital\u0103, la Universitatea Politehnic\u0103 Timi\u0219oara. Am creat acest blog datorit\u0103 pasiunii mele pentru anime \u0219i manga, dar \u0219i pentru a-mi imp\u0103rt\u0103\u0219i p\u0103rerile mele tuturor persoanele interesate.","og_url":"https:\/\/tw.cm.upt.ro\/11\/despre-mine\/","og_site_name":"Narukami","article_modified_time":"2022-12-13T14:25:13+00:00","og_image":[{"url":"http:\/\/tw.cm.upt.ro\/11\/wp-content\/uploads\/sites\/223\/2022\/12\/6173053-scaled.jpg","type":"","width":"","height":""}],"twitter_card":"summary_large_image","twitter_misc":{"Est. reading time":"1 minute"},"schema":{"@context":"https:\/\/schema.org","@graph":[{"@type":"WebPage","@id":"https:\/\/tw.cm.upt.ro\/11\/despre-mine\/","url":"https:\/\/tw.cm.upt.ro\/11\/despre-mine\/","name":"- Narukami","isPartOf":{"@id":"https:\/\/tw.cm.upt.ro\/11\/#website"},"primaryImageOfPage":{"@id":"https:\/\/tw.cm.upt.ro\/11\/despre-mine\/#primaryimage"},"image":{"@id":"https:\/\/tw.cm.upt.ro\/11\/despre-mine\/#primaryimage"},"thumbnailUrl":"http:\/\/tw.cm.upt.ro\/11\/wp-content\/uploads\/sites\/223\/2022\/12\/6173053-scaled.jpg","datePublished":"2022-12-05T13:43:14+00:00","dateModified":"2022-12-13T14:25:13+00:00","inLanguage":"en-US","potentialAction":[{"@type":"ReadAction","target":["https:\/\/tw.cm.upt.ro\/11\/despre-mine\/"]}]},{"@type":"ImageObject","inLanguage":"en-US","@id":"https:\/\/tw.cm.upt.ro\/11\/despre-mine\/#primaryimage","url":"http:\/\/tw.cm.upt.ro\/11\/wp-content\/uploads\/sites\/223\/2022\/12\/6173053-scaled.jpg","contentUrl":"http:\/\/tw.cm.upt.ro\/11\/wp-content\/uploads\/sites\/223\/2022\/12\/6173053-scaled.jpg"},{"@type":"WebSite","@id":"https:\/\/tw.cm.upt.ro\/11\/#website","url":"https:\/\/tw.cm.upt.ro\/11\/","name":"Narukami","description":"Anime &amp; Manga Blog ","potentialAction":[{"@type":"SearchAction","target":{"@type":"EntryPoint","urlTemplate":"https:\/\/tw.cm.upt.ro\/11\/?s={search_term_string}"},"query-input":{"@type":"PropertyValueSpecification","valueRequired":true,"valueName":"search_term_string"}}],"inLanguage":"en-US"}]}},"_links":{"self":[{"href":"https:\/\/tw.cm.upt.ro\/11\/wp-json\/wp\/v2\/pages\/38","targetHints":{"allow":["GET"]}}],"collection":[{"href":"https:\/\/tw.cm.upt.ro\/11\/wp-json\/wp\/v2\/pages"}],"about":[{"href":"https:\/\/tw.cm.upt.ro\/11\/wp-json\/wp\/v2\/types\/page"}],"author":[{"embeddable":true,"href":"https:\/\/tw.cm.upt.ro\/11\/wp-json\/wp\/v2\/users\/221"}],"replies":[{"embeddable":true,"href":"https:\/\/tw.cm.upt.ro\/11\/wp-json\/wp\/v2\/comments?post=38"}],"version-history":[{"count":12,"href":"https:\/\/tw.cm.upt.ro\/11\/wp-json\/wp\/v2\/pages\/38\/revisions"}],"predecessor-version":[{"id":254,"href":"https:\/\/tw.cm.upt.ro\/11\/wp-json\/wp\/v2\/pages\/38\/revisions\/254"}],"wp:attachment":[{"href":"https:\/\/tw.cm.upt.ro\/11\/wp-json\/wp\/v2\/media?parent=38"}],"curies":[{"name":"wp","href":"https:\/\/api.w.org\/{rel}","templated":true}]}}