{"id":56,"date":"2018-11-15T08:27:04","date_gmt":"2018-11-15T08:27:04","guid":{"rendered":"http:\/\/tw.cm.upt.ro\/c36\/?page_id=56"},"modified":"2018-11-15T09:45:17","modified_gmt":"2018-11-15T09:45:17","slug":"contact","status":"publish","type":"page","link":"https:\/\/tw.cm.upt.ro\/c36\/contact\/","title":{"rendered":"Contact"},"content":{"rendered":"<div id=\"fb-root\"><\/div>\n<h4>Trimite-mi un mesaj!<\/h4>\n<p>Dac\u0103 dore\u0219ti s\u0103 \u00eemi scrii, \u0219i\u00a0 nu vrei s\u0103-mi transmi\u021bi prin comentarii, dar vrei cu orice chip s\u0103 ajung\u0103 la mine, aici e locul potrivit pentru a \u00eencepe. Scrie-mi \u0219i-\u021bi voi r\u0103spunde \u00een scurt timp.<\/p>\n<p>&nbsp;<\/p>\n<style type=\"text\/css\" id=\"cspFormShell_11_134549_style\">#cspFormShell_11_134549 {}\n#cspFormShell_11_134549 label {\n\twidth: 100%;\n}\n\/*Fields shell basic*\/\n#cspFormShell_11_134549 .cfsFieldShell input:not([type=\"checkbox\"]):not([type=\"radio\"]),\n#cspFormShell_11_134549 .cfsFieldShell textarea,\n#cspFormShell_11_134549 .cfsFieldShell .cfsListSelect, \n#cspFormShell_11_134549 .cfsFieldShell .cfsCheck,\n#cspFormShell_11_134549 .cfsFieldShell button {\n    padding: 10px;\n    width: 100%;\n    font-size: 12px;\n    line-height: normal;  \tborder: 1px solidrgba(205,205,205,1);\n  \tbackground-color:#ffffff;    hyphens: none;\n    border-radius: 4px;\n    margin: 0;\n    max-width: 100%;\n    vertical-align: baseline;\n  \tdisplay: block;\n  \tcolor: #333;\n  \theight: auto;\n}\n#cspFormShell_11_134549 input:not([type=\"checkbox\"]):not([type=\"radio\"]):focus,\n#cspFormShell_11_134549 textarea:focus,\n#cspFormShell_11_134549 .cfsListSelect:focus, \n#cspFormShell_11_134549 .cfsChec:focus {  \tborder: 1px solid #59f95c;\n  \tcolor: #59f95c;}\n#cspFormShell_11_134549 .cfsFieldShell input[type=\"submit\"]:not([type=\"checkbox\"]):not([type=\"radio\"]), \n#cspFormShell_11_134549 .cfsFieldShell input[type=\"reset\"]:not([type=\"checkbox\"]):not([type=\"radio\"]), \n#cspFormShell_11_134549 .cfsFieldShell input[type=\"button\"],\n#cspFormShell_11_134549 .cfsFieldShell button {\n\tcursor: pointer;\n  \tfont-weight: 700;\n    border: 0 none;\n    color: #fff;\n    text-transform: uppercase;\n  \t-webkit-appearance: none;\n}\n#cspFormShell_11_134549 .cfsFieldShell input[type=\"submit\"]:not([type=\"checkbox\"]):not([type=\"radio\"]), \n#cspFormShell_11_134549 .cfsFieldShell input[type=\"button\"],\n#cspFormShell_11_134549 .cfsFieldShell button {  \tbackground-color: #59f95c;\n  \tbackground-image: none;}\n#cspFormShell_11_134549 .cfsFieldShell input[type=\"submit\"]:not([type=\"checkbox\"]):not([type=\"radio\"]):hover, \n#cspFormShell_11_134549 .cfsFieldShell input[type=\"button\"]:hover,\n#cspFormShell_11_134549 .cfsFieldShell button:hover {  \tbackground-color:rgba(89,249,92,0.7);}\n#cspFormShell_11_134549 .cfsFieldShell input[type=\"reset\"]:not([type=\"checkbox\"]):not([type=\"radio\"]) {  \tbackground-color: #ff3c35;\n  \tbackground-image: none;}\n#cspFormShell_11_134549 .cfsFieldShell input[type=\"reset\"]:not([type=\"checkbox\"]):not([type=\"radio\"]):hover {  \tbackground-color:rgba(255,60,53,0.7);}\n\/* Placeholder text color -- selectors need to be separate to work. *\/\n#cspFormShell_11_134549 ::-webkit-input-placeholder {\n\tcolor: rgba(51, 51, 51, 0.3);\n}\n#cspFormShell_11_134549 :-moz-placeholder {\n\tcolor: rgba(51, 51, 51, 0.3);\n}\n#cspFormShell_11_134549 ::-moz-placeholder {\n\tcolor: rgba(51, 51, 51, 0.3);\n\topacity: 1; \/* Since FF19 lowers the opacity of the placeholder by default *\/\n}\n#cspFormShell_11_134549 :-ms-input-placeholder {\n\tcolor: rgba(51, 51, 51, 0.3);\n}#cspFormShell_11_134549 { width: 100%}#cspFormShell_11_134549 .cfsSuccessMsg { color: #4ae8ea !important}<\/style><div id=\"cspFormShell_11_134549\" class=\"cfsFormShell\"><form class=\"csfForm\" method=\"post\" action=\"https:\/\/tw.cm.upt.ro\/c36\/\">\n<div class=\"supRow cfsFieldsRow\"><div class=\"supSm6 cfsFieldCol\" data-name=\"Numele\" data-type=\"text\"><div class=\"cfsFieldShell cfsField_text\" ><input type=\"text\" name=\"fields[Numele]\" value=\"\" data-name=\"Numele\" required  placeholder=\"Numele\" \/><\/div><\/div><div class=\"supSm6 cfsFieldCol\" data-name=\"Prenumele\" data-type=\"text\"><div class=\"cfsFieldShell cfsField_text\" ><input type=\"text\" name=\"fields[Prenumele]\" value=\"\" data-name=\"Prenumele\" placeholder=\"Prenumele\" \/><\/div><\/div><\/div><div class=\"supRow cfsFieldsRow\"><div class=\"supSm12 cfsFieldCol\" data-name=\"email\" data-type=\"email\"><div class=\"cfsFieldShell cfsField_email\" ><input type=\"email\" name=\"fields[email]\" value=\"\" data-name=\"email\" required  placeholder=\"Email\" \/><\/div><\/div><\/div><div class=\"supRow cfsFieldsRow\"><div class=\"supSm12 cfsFieldCol\" data-name=\"Subiect\" data-type=\"text\"><div class=\"cfsFieldShell cfsField_text\" ><input type=\"text\" name=\"fields[Subiect]\" value=\"\" data-name=\"Subiect\" required  placeholder=\"Subiect\" \/><\/div><\/div><\/div><div class=\"supRow cfsFieldsRow\"><div class=\"supSm12 cfsFieldCol\" data-name=\"Mesaj\" data-type=\"textarea\"><div class=\"cfsFieldShell cfsField_textarea\" ><textarea name=\"fields[Mesaj]\" data-name=\"Mesaj\" required  placeholder=\"Mesaj\" supRows=\"3\" cols=\"50\"><\/textarea><\/div><\/div><\/div><div class=\"supRow cfsFieldsRow\"><div class=\"supSm6 cfsFieldCol\" data-name=\"Trimite\" data-type=\"submit\"><div class=\"cfsFieldShell cfsField_submit\" ><input type=\"submit\" name=\"fields[Trimite]\" value=\"Trimite\" data-name=\"Trimite\" \/><\/div><\/div><div class=\"supSm6 cfsFieldCol\" data-name=\"reset\" data-type=\"reset\"><div class=\"cfsFieldShell cfsField_reset\" ><input type=\"reset\" name=\"fields[reset]\" value=\"Reset\" data-name=\"reset\" \/><\/div><\/div><\/div>\n<input type=\"hidden\" name=\"mod\" value=\"forms\"  \/><input type=\"hidden\" name=\"action\" value=\"contact\"  \/><input type=\"hidden\" name=\"id\" value=\"11\"  \/><input type=\"hidden\" name=\"_wpnonce\" value=\"6cf57345b4\"  \/><div class=\"cfsContactMsg\"><\/div><\/form><\/div><span style=\"display: none !important;\" class=\"cfsFormDesc\">eyJpZCI6IjExIiwibGFiZWwiOiJDb250YWN0ZWF6XHUwMTAzLW1cdTAxMDMiLCJhY3RpdmUiOiIxIiwib3JpZ2luYWxfaWQiOiI0IiwidW5pcXVlX2lkIjoidmJuMjNhIiwicGFyYW1zIjp7ImVuYWJsZUZvck1lbWJlcnNoaXAiOiIwIiwidHBsIjp7IndpZHRoIjoiMTAwIiwid2lkdGhfbWVhc3VyZSI6IiUiLCJiZ190eXBlXzAiOiJub25lIiwiYmdfaW1nXzAiOiIiLCJiZ19jb2xvcl8wIjoiI2NkY2RjZCIsImJnX3R5cGVfMSI6ImNvbG9yIiwiYmdfaW1nXzEiOiIiLCJiZ19jb2xvcl8xIjoiI2NkY2RjZCIsImJnX3R5cGVfMiI6ImNvbG9yIiwiYmdfaW1nXzIiOiIiLCJiZ19jb2xvcl8yIjoiIzU5Zjk1YyIsImJnX3R5cGVfMyI6ImNvbG9yIiwiYmdfaW1nXzMiOiIiLCJiZ19jb2xvcl8zIjoiI2ZmM2MzNSIsImZpZWxkX2Vycm9yX2ludmFsaWQiOiIiLCJmb3JtX3NlbnRfbXNnIjoiVGhhbmsgeW91IGZvciBjb250YWN0aW5nIHVzISIsImZvcm1fc2VudF9tc2dfY29sb3IiOiIjNGFlOGVhIiwiaGlkZV9vbl9zdWJtaXQiOiIxIiwicmVkaXJlY3Rfb25fc3VibWl0IjoiIiwidGVzdF9lbWFpbCI6ImNvcm5lbGl1LnNpbWlAeWFob28uY29tIiwic2F2ZV9jb250YWN0cyI6IjEiLCJleHBfZGVsaW0iOiI7IiwiZmJfY29udmVydF9iYXNlIjoiIiwicHViX3Bvc3RfdHlwZSI6InBvc3QiLCJwdWJfcG9zdF9zdGF0dXMiOiJwdWJsaXNoIiwicmVnX3dwX2NyZWF0ZV91c2VyX3JvbGUiOiJzdWJzY3JpYmVyIiwiZmllbGRfd3JhcHBlciI6IjxkaXYgW2ZpZWxkX3NoZWxsX2NsYXNzZXNdIFtmaWVsZF9zaGVsbF9zdHlsZXNdPltmaWVsZF08XC9kaXY+In0sImZpZWxkcyI6W3siYnNfY2xhc3NfaWQiOiI2IiwibmFtZSI6Ik51bWVsZSIsImxhYmVsIjoiIiwicGxhY2Vob2xkZXIiOiJOdW1lbGUiLCJ2YWx1ZSI6IiIsInZhbHVlX3ByZXNldCI6IiIsImh0bWwiOiJ0ZXh0IiwibWFuZGF0b3J5IjoiMSIsIm1pbl9zaXplIjoiIiwibWF4X3NpemUiOiIiLCJhZGRfY2xhc3NlcyI6IiIsImFkZF9zdHlsZXMiOiIiLCJhZGRfYXR0ciI6IiIsInZuX29ubHlfbnVtYmVyIjoiMCIsInZuX29ubHlfbGV0dGVycyI6IjAiLCJ2bl9wYXR0ZXJuIjoiMCIsInZuX2VxdWFsIjoiIiwiaWNvbl9jbGFzcyI6IiIsImljb25fc2l6ZSI6IiIsImljb25fY29sb3IiOiIiLCJ0ZXJtcyI6IiJ9LHsiYnNfY2xhc3NfaWQiOiI2IiwibmFtZSI6IlByZW51bWVsZSIsImxhYmVsIjoiIiwicGxhY2Vob2xkZXIiOiJQcmVudW1lbGUiLCJ2YWx1ZSI6IiIsInZhbHVlX3ByZXNldCI6IiIsImh0bWwiOiJ0ZXh0IiwibWFuZGF0b3J5IjoiMCIsIm1pbl9zaXplIjoiIiwibWF4X3NpemUiOiIiLCJhZGRfY2xhc3NlcyI6IiIsImFkZF9zdHlsZXMiOiIiLCJhZGRfYXR0ciI6IiIsInZuX29ubHlfbnVtYmVyIjoiMCIsInZuX29ubHlfbGV0dGVycyI6IjAiLCJ2bl9wYXR0ZXJuIjoiMCIsInZuX2VxdWFsIjoiIiwiaWNvbl9jbGFzcyI6IiIsImljb25fc2l6ZSI6IiIsImljb25fY29sb3IiOiIiLCJ0ZXJtcyI6IiJ9LHsiYnNfY2xhc3NfaWQiOiIxMiIsIm5hbWUiOiJlbWFpbCIsImxhYmVsIjoiIiwicGxhY2Vob2xkZXIiOiJFbWFpbCIsInZhbHVlIjoiIiwiaHRtbCI6ImVtYWlsIiwibWFuZGF0b3J5IjoiMSIsIm1pbl9zaXplIjoiIiwibWF4X3NpemUiOiIiLCJhZGRfY2xhc3NlcyI6IiIsImFkZF9zdHlsZXMiOiIiLCJhZGRfYXR0ciI6IiIsInZuX29ubHlfbnVtYmVyIjoiMCIsInZuX29ubHlfbGV0dGVycyI6IjAiLCJ2bl9wYXR0ZXJuIjoiMCJ9LHsiYnNfY2xhc3NfaWQiOiIxMiIsIm5hbWUiOiJTdWJpZWN0IiwibGFiZWwiOiIiLCJwbGFjZWhvbGRlciI6IlN1YmllY3QiLCJ2YWx1ZSI6IiIsInZhbHVlX3ByZXNldCI6IiIsImh0bWwiOiJ0ZXh0IiwibWFuZGF0b3J5IjoiMSIsIm1pbl9zaXplIjoiIiwibWF4X3NpemUiOiIiLCJhZGRfY2xhc3NlcyI6IiIsImFkZF9zdHlsZXMiOiIiLCJhZGRfYXR0ciI6IiIsInZuX29ubHlfbnVtYmVyIjoiMCIsInZuX29ubHlfbGV0dGVycyI6IjAiLCJ2bl9wYXR0ZXJuIjoiMCIsInZuX2VxdWFsIjoiIiwiaWNvbl9jbGFzcyI6IiIsImljb25fc2l6ZSI6IiIsImljb25fY29sb3IiOiIiLCJ0ZXJtcyI6IiJ9LHsiYnNfY2xhc3NfaWQiOiIxMiIsIm5hbWUiOiJNZXNhaiIsImxhYmVsIjoiIiwicGxhY2Vob2xkZXIiOiJNZXNhaiIsInZhbHVlIjoiIiwidmFsdWVfcHJlc2V0IjoiIiwiaHRtbCI6InRleHRhcmVhIiwibWFuZGF0b3J5IjoiMSIsIm1pbl9zaXplIjoiIiwibWF4X3NpemUiOiIiLCJhZGRfY2xhc3NlcyI6IiIsImFkZF9zdHlsZXMiOiIiLCJhZGRfYXR0ciI6IiIsInZuX29ubHlfbnVtYmVyIjoiMCIsInZuX29ubHlfbGV0dGVycyI6IjAiLCJ2bl9wYXR0ZXJuIjoiMCIsInZuX2VxdWFsIjoiIiwiaWNvbl9jbGFzcyI6IiIsImljb25fc2l6ZSI6IiIsImljb25fY29sb3IiOiIiLCJ0ZXJtcyI6IiJ9LHsiYnNfY2xhc3NfaWQiOiI2IiwibmFtZSI6IlRyaW1pdGUiLCJsYWJlbCI6IlRyaW1pdGUiLCJodG1sIjoic3VibWl0IiwiYWRkX2NsYXNzZXMiOiIiLCJhZGRfc3R5bGVzIjoiIiwiYWRkX2F0dHIiOiIiLCJpY29uX2NsYXNzIjoiIiwiaWNvbl9zaXplIjoiIiwiaWNvbl9jb2xvciI6IiIsInRlcm1zIjoiIn0seyJic19jbGFzc19pZCI6IjYiLCJuYW1lIjoicmVzZXQiLCJsYWJlbCI6IlJlc2V0IiwiaHRtbCI6InJlc2V0IiwiYWRkX2NsYXNzZXMiOiIiLCJhZGRfc3R5bGVzIjoiIiwiYWRkX2F0dHIiOiIifV0sIm9wdHNfYXR0cnMiOnsiYmdfbnVtYmVyIjoiNCJ9fSwiaW1nX3ByZXZpZXciOiJzaW1wbGUtd2hpdGUucG5nIiwidmlld3MiOiIxNiIsInVuaXF1ZV92aWV3cyI6IjkiLCJhY3Rpb25zIjoiMCIsInNvcnRfb3JkZXIiOiI0IiwiaXNfcHJvIjoiMCIsImFiX2lkIjoiMCIsImRhdGVfY3JlYXRlZCI6IjIwMTYtMDUtMDMgMTQ6MDE6MDMiLCJpbWdfcHJldmlld191cmwiOiJodHRwczpcL1wvdHcuY20udXB0LnJvXC9jMzZcL3dwLWNvbnRlbnRcL3BsdWdpbnNcL2NvbnRhY3QtZm9ybS1ieS1zdXBzeXN0aWNcL2Fzc2V0c1wvZm9ybXNcL2ltZ1wvcHJldmlld1wvc2ltcGxlLXdoaXRlLnBuZyIsInZpZXdfaWQiOiIxMV8xMzQ1NDkiLCJ2aWV3X2h0bWxfaWQiOiJjc3BGb3JtU2hlbGxfMTFfMTM0NTQ5IiwiY29ubmVjdF9oYXNoIjoiMjk3NjQzNmZlMTg2ZTcwN2VmZTQ5Zjg3OWZhMzM1MTUifQ==<\/span>\n","protected":false},"excerpt":{"rendered":"<p>Trimite-mi un mesaj! Dac\u0103 dore\u0219ti s\u0103 \u00eemi scrii, \u0219i\u00a0 nu vrei s\u0103-mi transmi\u021bi prin comentarii, dar vrei cu orice chip s\u0103 ajung\u0103 la mine, aici e locul potrivit pentru a \u00eencepe. Scrie-mi \u0219i-\u021bi voi r\u0103spunde \u00een scurt timp. &nbsp;<\/p>\n","protected":false},"author":118,"featured_media":0,"parent":0,"menu_order":0,"comment_status":"closed","ping_status":"closed","template":"","meta":{"wprm-recipe-roundup-name":"","wprm-recipe-roundup-description":"","ngg_post_thumbnail":0,"footnotes":""},"class_list":["post-56","page","type-page","status-publish","hentry"],"yoast_head":"<!-- This site is optimized with the Yoast SEO plugin v27.1.1 - https:\/\/yoast.com\/product\/yoast-seo-wordpress\/ -->\n<title>Contact -<\/title>\n<meta name=\"robots\" content=\"index, follow, max-snippet:-1, max-image-preview:large, max-video-preview:-1\" \/>\n<link rel=\"canonical\" href=\"https:\/\/tw.cm.upt.ro\/c36\/contact\/\" \/>\n<meta property=\"og:locale\" content=\"en_US\" \/>\n<meta property=\"og:type\" content=\"article\" \/>\n<meta property=\"og:title\" content=\"Contact -\" \/>\n<meta property=\"og:description\" content=\"Trimite-mi un mesaj! Dac\u0103 dore\u0219ti s\u0103 \u00eemi scrii, \u0219i\u00a0 nu vrei s\u0103-mi transmi\u021bi prin comentarii, dar vrei cu orice chip s\u0103 ajung\u0103 la mine, aici e locul potrivit pentru a \u00eencepe. Scrie-mi \u0219i-\u021bi voi r\u0103spunde \u00een scurt timp. &nbsp;\" \/>\n<meta property=\"og:url\" content=\"https:\/\/tw.cm.upt.ro\/c36\/contact\/\" \/>\n<meta property=\"article:modified_time\" content=\"2018-11-15T09:45:17+00:00\" \/>\n<meta name=\"twitter:card\" content=\"summary_large_image\" \/>\n<script type=\"application\/ld+json\" class=\"yoast-schema-graph\">{\"@context\":\"https:\/\/schema.org\",\"@graph\":[{\"@type\":\"WebPage\",\"@id\":\"https:\/\/tw.cm.upt.ro\/c36\/contact\/\",\"url\":\"https:\/\/tw.cm.upt.ro\/c36\/contact\/\",\"name\":\"Contact -\",\"isPartOf\":{\"@id\":\"https:\/\/tw.cm.upt.ro\/c36\/#website\"},\"datePublished\":\"2018-11-15T08:27:04+00:00\",\"dateModified\":\"2018-11-15T09:45:17+00:00\",\"breadcrumb\":{\"@id\":\"https:\/\/tw.cm.upt.ro\/c36\/contact\/#breadcrumb\"},\"inLanguage\":\"en-US\",\"potentialAction\":[{\"@type\":\"ReadAction\",\"target\":[\"https:\/\/tw.cm.upt.ro\/c36\/contact\/\"]}]},{\"@type\":\"BreadcrumbList\",\"@id\":\"https:\/\/tw.cm.upt.ro\/c36\/contact\/#breadcrumb\",\"itemListElement\":[{\"@type\":\"ListItem\",\"position\":1,\"name\":\"Home\",\"item\":\"https:\/\/tw.cm.upt.ro\/c36\/\"},{\"@type\":\"ListItem\",\"position\":2,\"name\":\"Contact\"}]},{\"@type\":\"WebSite\",\"@id\":\"https:\/\/tw.cm.upt.ro\/c36\/#website\",\"url\":\"https:\/\/tw.cm.upt.ro\/c36\/\",\"name\":\"\",\"description\":\"\",\"potentialAction\":[{\"@type\":\"SearchAction\",\"target\":{\"@type\":\"EntryPoint\",\"urlTemplate\":\"https:\/\/tw.cm.upt.ro\/c36\/?s={search_term_string}\"},\"query-input\":{\"@type\":\"PropertyValueSpecification\",\"valueRequired\":true,\"valueName\":\"search_term_string\"}}],\"inLanguage\":\"en-US\"}]}<\/script>\n<!-- \/ Yoast SEO plugin. -->","yoast_head_json":{"title":"Contact -","robots":{"index":"index","follow":"follow","max-snippet":"max-snippet:-1","max-image-preview":"max-image-preview:large","max-video-preview":"max-video-preview:-1"},"canonical":"https:\/\/tw.cm.upt.ro\/c36\/contact\/","og_locale":"en_US","og_type":"article","og_title":"Contact -","og_description":"Trimite-mi un mesaj! Dac\u0103 dore\u0219ti s\u0103 \u00eemi scrii, \u0219i\u00a0 nu vrei s\u0103-mi transmi\u021bi prin comentarii, dar vrei cu orice chip s\u0103 ajung\u0103 la mine, aici e locul potrivit pentru a \u00eencepe. Scrie-mi \u0219i-\u021bi voi r\u0103spunde \u00een scurt timp. &nbsp;","og_url":"https:\/\/tw.cm.upt.ro\/c36\/contact\/","article_modified_time":"2018-11-15T09:45:17+00:00","twitter_card":"summary_large_image","schema":{"@context":"https:\/\/schema.org","@graph":[{"@type":"WebPage","@id":"https:\/\/tw.cm.upt.ro\/c36\/contact\/","url":"https:\/\/tw.cm.upt.ro\/c36\/contact\/","name":"Contact -","isPartOf":{"@id":"https:\/\/tw.cm.upt.ro\/c36\/#website"},"datePublished":"2018-11-15T08:27:04+00:00","dateModified":"2018-11-15T09:45:17+00:00","breadcrumb":{"@id":"https:\/\/tw.cm.upt.ro\/c36\/contact\/#breadcrumb"},"inLanguage":"en-US","potentialAction":[{"@type":"ReadAction","target":["https:\/\/tw.cm.upt.ro\/c36\/contact\/"]}]},{"@type":"BreadcrumbList","@id":"https:\/\/tw.cm.upt.ro\/c36\/contact\/#breadcrumb","itemListElement":[{"@type":"ListItem","position":1,"name":"Home","item":"https:\/\/tw.cm.upt.ro\/c36\/"},{"@type":"ListItem","position":2,"name":"Contact"}]},{"@type":"WebSite","@id":"https:\/\/tw.cm.upt.ro\/c36\/#website","url":"https:\/\/tw.cm.upt.ro\/c36\/","name":"","description":"","potentialAction":[{"@type":"SearchAction","target":{"@type":"EntryPoint","urlTemplate":"https:\/\/tw.cm.upt.ro\/c36\/?s={search_term_string}"},"query-input":{"@type":"PropertyValueSpecification","valueRequired":true,"valueName":"search_term_string"}}],"inLanguage":"en-US"}]}},"_links":{"self":[{"href":"https:\/\/tw.cm.upt.ro\/c36\/wp-json\/wp\/v2\/pages\/56","targetHints":{"allow":["GET"]}}],"collection":[{"href":"https:\/\/tw.cm.upt.ro\/c36\/wp-json\/wp\/v2\/pages"}],"about":[{"href":"https:\/\/tw.cm.upt.ro\/c36\/wp-json\/wp\/v2\/types\/page"}],"author":[{"embeddable":true,"href":"https:\/\/tw.cm.upt.ro\/c36\/wp-json\/wp\/v2\/users\/118"}],"replies":[{"embeddable":true,"href":"https:\/\/tw.cm.upt.ro\/c36\/wp-json\/wp\/v2\/comments?post=56"}],"version-history":[{"count":4,"href":"https:\/\/tw.cm.upt.ro\/c36\/wp-json\/wp\/v2\/pages\/56\/revisions"}],"predecessor-version":[{"id":75,"href":"https:\/\/tw.cm.upt.ro\/c36\/wp-json\/wp\/v2\/pages\/56\/revisions\/75"}],"wp:attachment":[{"href":"https:\/\/tw.cm.upt.ro\/c36\/wp-json\/wp\/v2\/media?parent=56"}],"curies":[{"name":"wp","href":"https:\/\/api.w.org\/{rel}","templated":true}]}}