{"id":311,"date":"2018-12-16T01:15:18","date_gmt":"2018-12-16T01:15:18","guid":{"rendered":"http:\/\/tw.cm.upt.ro\/c7\/?page_id=311"},"modified":"2018-12-16T01:15:18","modified_gmt":"2018-12-16T01:15:18","slug":"omul-cat-traieste-nvata","status":"publish","type":"page","link":"https:\/\/tw.cm.upt.ro\/c7\/?page_id=311","title":{"rendered":"Omul c\u00e2t tr\u0103ie\u015fte-nva\u0163\u0103!"},"content":{"rendered":"<div id=\"fb-root\"><\/div>\n<p>\u00cenainte de salut, vreau s\u0103 \u015ftii c\u0103 articolul ast\u0103 merit\u0103 <strong>s\u0103 \u00eel cite\u015fti doar dac\u0103<\/strong>, \u00een via\u0163a ta, a existat m\u0103car o situa\u0163ie\/<strong>experien\u0163\u0103 \u00a0din care ai avut de \u00eenv\u0103\u0163at<\/strong>. \u015etiu c\u0103 ai nevoie de timp \u015fi pentru alte lucruri, a\u015fa c\u0103 nu vreau s\u0103 \u0163i-l r\u0103pesc a\u015fa &#8230;aiurea.<\/p>\n<p><img fetchpriority=\"high\" decoding=\"async\" class=\"  wp-image-111 alignleft\" src=\"https:\/\/hailaopovesteblog.files.wordpress.com\/2017\/04\/images-2.jpg\" alt=\"images (2)\" width=\"273\" height=\"217\" \/><\/p>\n<p>Bun\u0103 din nou \u015fi f\u0103r\u0103 alte introduceri..am un poriect de terminat \u015fi de urcat \u00eentr-un tren, spre cas\u0103(\u015ftii cum e treaba: studen\u0163ii merg, des, acum, cu trenul, c\u0103 cine \u015ftie c\u00e2t timp mai binevoie\u015fte statul s\u0103 ne deconteze drumurile). Ce am \u00een\u0163eles \u015fi ceea ce am avut de \u00eenv\u0103\u0163at, p\u00e2n\u0103 acum?!..nu mai multe dec\u00e2t tine, probbail&#8230;Hai s\u0103 vedem:<\/p>\n<ul>\n<li>C\u0103, de cele mai multe ori, <strong>fericirea \u015fi \u00eemplinirea<\/strong> mea sunt str\u00e2ns legate de alegerile pe care le fac<\/li>\n<li>C\u0103 sunt <strong>singura r\u0103spunz\u0103toare<\/strong> pentru ac\u0163iunile mele. Dac\u0103 nu mi-e bine este pentru c\u0103, la un moment dat, am ales gre\u015fit. C\u0103 oamenii chiar se schimb\u0103&#8230; doar dac\u0103 \u015fi c\u00e2nd ei vor, nu fiindc\u0103 asta a\u015ftept eu, nu \u00een felul \u00een care vreau eu.<\/li>\n<li>C\u0103 totul se \u00eent\u00e2mpl\u0103, \u00een via\u0163a mea, ca eu s\u0103 \u00eenv\u0103\u0163 ceva \u015fi s\u0103 folosesc \u00een ceea ce are s\u0103 urmeze. C\u0103 aproape <strong>nimic nu e \u00eent\u00e2mpl\u0103tor<\/strong>!!!!!!(Dac\u0103 am o obsesie \u00een via\u0163\u0103, aia e pentru cifra 2 care m\u0103 urm\u0103re\u015fte de c\u00e2nd m\u0103 \u015ftiu)<\/li>\n<li>Aproape c\u0103 nu mai exist\u0103 lucruri f\u0103cute <strong>f\u0103r\u0103 pic de interes<\/strong>..p\u0103cat, zic \u015fi eu.<\/li>\n<li>Nimic, dar <strong>absolut nimic nu e pe gratis<\/strong>. Iar, dac\u0103 totu\u015fi am avut ceva pentru care nu am f\u0103cut nimic sau nu mi se cuvenea neap\u0103rat(nu, nu am furat ceva, vreodat\u0103) am pierdut. A fost doar o chestiune de timp, p\u00e2n\u0103 s\u0103 se \u00eent\u00e2mple. Sau, s-a \u00eent\u00e2mplat chiar mai repede dec\u00e2t m\u0103 a\u015fteptam.<\/li>\n<\/ul>\n<p><img decoding=\"async\" class=\" size-full wp-image-126 alignright\" src=\"https:\/\/hailaopovesteblog.files.wordpress.com\/2017\/04\/life-lessons.jpg\" alt=\"life-lessons\" width=\"300\" height=\"189\" \/><\/p>\n<ul>\n<li><strong>S\u0103 alegi \u00een favoarea ta<\/strong>, uneori, chiar nu e egoism. Eu de asta m-am convins c\u00e2nd, av\u00e2nd loc situa\u0163ii similare, oamenii pentru care am renun\u0163at la mine, nu au renun\u0163at pentru mine, la ei. A\u015fa c\u0103, unoeri, chiar nu te autoprocalama egoist fiindc\u0103 iei pentru tine \u015fi nu pentru restu`.<\/li>\n<li>Pentru <strong>ce simt sau nu (mai) simt, nu m\u0103 \u00eenvinov\u0103\u0163esc<\/strong>. Nu am reu\u015fit, p\u00e2n\u0103 acum, s\u0103 \u00eemi induc sentimente. S\u0103 m\u0103 mint, da \u015fi chiar nu a fost de ajutor.<\/li>\n<li>\u00cemi asum ce fac, nu ce cred al\u0163ii c\u0103 am f\u0103cut. <strong>\u00cemi fac griji pentru con\u015ftiin\u0163a mea<\/strong> \u015fi nu pentru opiniile altora.<\/li>\n<li><strong>S\u0103 nu te compari<\/strong>, VREODAT\u0102, cu VREO ALT\u0102 PERSOAN\u0102 (nici m\u0103car cu fratele\/sora\/veri\u015forul\/copilul vecinilor cu care ai t\u0103i obi\u015fnuiau s\u0103 te compare). Vorbim de cu totul ale contexte, circumstan\u0163e \u015fi situa\u0163ii. Mai presus de tot, e vorba de alte persoane.<\/li>\n<\/ul>\n<p>Am \u00een\u0163eles c\u0103&#8230;.<\/p>\n<ul>\n<li>Tot ceea ce fac mi se va \u00eentoarce.<img decoding=\"async\" class=\"  wp-image-101 alignright\" src=\"https:\/\/hailaopovesteblog.files.wordpress.com\/2017\/04\/quote-about-life-lessons-1.jpg\" alt=\"quote-about-life-lessons-1\" width=\"388\" height=\"262\" \/><\/li>\n<li><strong>Resentimentele \u015fi iertarea<\/strong> se r\u0103sfr\u00e2ng, mai \u00eent\u00e2i de toate, asupra mea.<\/li>\n<\/ul>\n<ul>\n<li>C\u0103 <strong>oamenii m\u0103 dezam\u0103gesc<\/strong> fiindc\u0103 eu a\u015ftept ce nu trebuie de la cine nu e cazul, c\u00e2nd nu e momentul.<\/li>\n<li>C\u0103 <strong>maturitatea \u015fi \u00een\u0163elepciunea<\/strong> nu stau \u00een anii din via\u0163\u0103, ci \u00een via\u0163a din anii mei, \u00een experien\u0163ele pe care le am \u015fi mai presus, \u00een capacitatea mea de a \u00een\u0163elege \u015fi de a \u00eenv\u0103\u0163a din tot ce gre\u015fesc eu sau cei din jur.<\/li>\n<li>C\u0103 <strong>sinceritatea<\/strong> e at\u00e2t de important\u0103, e esen\u0163ial\u0103 \u00een tot ce spun \u015fi ce fac. Totu\u015fi, \u00eenv\u0103\u0163 ce s\u0103 exteriorizez \u015fi ce nu.<\/li>\n<li>C\u0103 <strong>oamenii v\u0103d<\/strong> \u00een mine ce vreau eu s\u0103 vad\u0103. Eu sunt cea care decide <strong>cine \u015fi cum s\u0103 m\u0103 cunoasc\u0103<\/strong>. Oricum, pentru fiecare persoana e\u015fti un alt om fiindc\u0103, normal, lumea chiar \u00een\u0163elege \u015fi interpreteaz\u0103 ce vrea. \u015ei c\u0103 veni vorba de lume: chiar \u00eencerc s\u0103 m\u0103 autoeduc c\u0103 nimic din ac\u0163iunile pe care le fac \u015fi au consecin\u0163e strict asupra persoanei mele, nu trebuie s\u0103 justific.<\/li>\n<\/ul>\n<p><img loading=\"lazy\" decoding=\"async\" class=\" size-full wp-image-122 aligncenter\" src=\"https:\/\/hailaopovesteblog.files.wordpress.com\/2017\/04\/life-lessons-from-january-identity-theft-canc-l-qppsh9.png\" alt=\"life-lessons-from-january-identity-theft-canc-L-QppSH9\" width=\"460\" height=\"409\" \/><\/p>\n<ul>\n<li><strong>\u00cencrederea 100%<\/strong> s\u0103 fie doar \u00een mine. Singura pe care m\u0103 bazez \u00een situa\u0163ii importante s\u0103 fiu eu.<\/li>\n<li>S\u0103 pl\u0103tesc cu aceea\u015fi moned\u0103 <strong>e s\u0103n\u0103tos, de cele mai multe ori<\/strong>-cel pu\u0163in \u00een cazul meu. Cred c\u0103 te afecteaz\u0103 mai pu\u0163in c\u00e2nd decizi s\u0103 ac\u0163ionezi a\u015fa.<\/li>\n<li>C\u0103 exist\u0103 mai<strong> multe tipuri de prieteni<\/strong>. Cei care te ascult\u0103, cei care te sf\u0103tuiesc, cei sensibili fa\u0163\u0103 de care \u00ee\u0163i deschizi sufletul-des cum deschizi \u015fi facebook-ul, cei open-mind care nu te judec\u0103 \u00een cam nicio situa\u0163ie, iar cei nelipsi\u0163i-pentru fete: \u201eaia care are cele mai multe \u015fi mai faine haine\u201d, de la care \u00eemprumu\u0163i \u015fi tu bluza aia neagr\u0103 care te face pe tine s\u0103 pari cu 2 \u201dchile\u201d mai slab\u0103 \u015fi las` c\u0103 i-o returnezi tu, dup\u0103 ce o speli. Dar, c\u00e2nd vrei s\u0103 o \u00eemprumu\u0163i urm\u0103toarea dat\u0103, peste 2 luni, \u00ee\u0163i aminte\u015fti c\u0103 nu mai ai cum&#8230;c\u0103 bluza e tot la tine. \u00cen fine&#8230;ideea e c\u0103 prea rar g\u0103se\u015fti unul care s\u0103 le aib\u0103 pe toate. Dar, nu fii nemul\u0163umit dac\u0103 vreun \u201eskill\u201d, din cele enumerate, \u00eei lipse\u015fte. E ok, v\u0103 pute\u0163i \u00een\u0163elege \u015fi a\u015fa, doar s\u0103 \u015ftii tu ce \u015fi c\u00e2t s\u0103 ceri.<\/li>\n<\/ul>\n<p><img loading=\"lazy\" decoding=\"async\" class=\"aligncenter size-full wp-image-117\" src=\"https:\/\/hailaopovesteblog.files.wordpress.com\/2017\/04\/life-lessons-quote-e1491556362949.jpg\" alt=\"Life-lessons-quote\" width=\"500\" height=\"463\" \/><\/p>\n<ul>\n<li>C\u0103 rela\u0163iile la distan\u0163\u0103, indiferent de tipul lor, nu sunt, cu siguran\u0163\u0103 acelea\u015fi. C\u0103 \u00eembr\u0103\u0163i\u015f\u0103rile nu se ofer\u0103 pe whatsapp, pe skype ori pe messenger. \u00cen schimb se dau sfaturi, se ofer\u0103 sus\u0163inere moral\u0103. C\u0103 timpul pentru discu\u0163ii \u015fi pove\u015fti\u00a0e mai pu\u0163in a\u015fa c\u0103, trebuie s\u0103 condensezi ce e de spus \u00een vreo 15-20 de minute pe zi. C\u0103 dorul se simte c\u00e2nd apelul se \u00eencheie.<\/li>\n<li>C\u0103 empatia e vital\u0103. La fel \u015fi compromisul de dragul oamenilor a c\u0103ror fericire e important\u0103 pentru tine.<\/li>\n<li>Am mai \u00eene\u0163eles c\u0103 exist\u0103 \u015fi iubire chiar necondi\u0163ionat\u0103-de aia p\u0103rinteasc\u0103, zic. Nici distana\u0163a, nici absen\u0163a fizic\u0103, nici lipsa timpului petrecut \u00eempreun\u0103 nu reprim\u0103 \u00een vreun fel \u00a0ce sufletul exprim\u0103.<\/li>\n<\/ul>\n<p><img loading=\"lazy\" decoding=\"async\" class=\" size-full wp-image-105 aligncenter\" src=\"https:\/\/hailaopovesteblog.files.wordpress.com\/2017\/04\/life_lessons_9-e1491556162946.jpg\" alt=\"life_lessons_9\" width=\"500\" height=\"336\" \/><\/p>\n<p>Sunt convins\u0103 c\u0103 \u00een\u0163elegi tot ce \u00ee\u0163i spun. Sunt mari \u015fanse ca \u015fi tu s\u0103 fi trecut prin situa\u0163ii din care ai \u00eenv\u0103\u0163at acelea\u015fi lucruri, eventual \u015fi mai multe. \u00a0Nu uita: \u201eOmul c\u00e2t tr\u0103ie\u015fte-nva\u0163\u0103\u201d!!<\/p>\n","protected":false},"excerpt":{"rendered":"<p>\u00cenainte de salut, vreau s\u0103 \u015ftii c\u0103 articolul ast\u0103 merit\u0103 s\u0103 \u00eel cite\u015fti doar dac\u0103, \u00een via\u0163a ta, a existat m\u0103car o situa\u0163ie\/experien\u0163\u0103 \u00a0din care ai avut de \u00eenv\u0103\u0163at. \u015etiu c\u0103 ai nevoie de timp \u015fi pentru alte lucruri, a\u015fa c\u0103 nu vreau s\u0103 \u0163i-l r\u0103pesc a\u015fa &#8230;aiurea. Bun\u0103 din nou \u015fi f\u0103r\u0103 alte introduceri..am&hellip; <\/p>\n","protected":false},"author":89,"featured_media":309,"parent":196,"menu_order":8,"comment_status":"closed","ping_status":"closed","template":"","meta":{"wprm-recipe-roundup-name":"","wprm-recipe-roundup-description":"","ngg_post_thumbnail":0,"footnotes":""},"class_list":["post-311","page","type-page","status-publish","has-post-thumbnail","hentry"],"yoast_head":"<!-- This site is optimized with the Yoast SEO plugin v27.1.1 - https:\/\/yoast.com\/product\/yoast-seo-wordpress\/ -->\n<title>Omul c\u00e2t tr\u0103ie\u015fte-nva\u0163\u0103! - Hai la o poveste<\/title>\n<meta name=\"robots\" content=\"index, follow, max-snippet:-1, max-image-preview:large, max-video-preview:-1\" \/>\n<link rel=\"canonical\" href=\"https:\/\/tw.cm.upt.ro\/c7\/?page_id=311\" \/>\n<meta property=\"og:locale\" content=\"en_US\" \/>\n<meta property=\"og:type\" content=\"article\" \/>\n<meta property=\"og:title\" content=\"Omul c\u00e2t tr\u0103ie\u015fte-nva\u0163\u0103! - Hai la o poveste\" \/>\n<meta property=\"og:description\" content=\"\u00cenainte de salut, vreau s\u0103 \u015ftii c\u0103 articolul ast\u0103 merit\u0103 s\u0103 \u00eel cite\u015fti doar dac\u0103, \u00een via\u0163a ta, a existat m\u0103car o situa\u0163ie\/experien\u0163\u0103 \u00a0din care ai avut de \u00eenv\u0103\u0163at. \u015etiu c\u0103 ai nevoie de timp \u015fi pentru alte lucruri, a\u015fa c\u0103 nu vreau s\u0103 \u0163i-l r\u0103pesc a\u015fa &#8230;aiurea. Bun\u0103 din nou \u015fi f\u0103r\u0103 alte introduceri..am&hellip;\" \/>\n<meta property=\"og:url\" content=\"https:\/\/tw.cm.upt.ro\/c7\/?page_id=311\" \/>\n<meta property=\"og:site_name\" content=\"Hai la o poveste\" \/>\n<meta property=\"og:image\" content=\"https:\/\/tw.cm.upt.ro\/c7\/wp-content\/uploads\/sites\/94\/2018\/12\/amintirile-unui-octogenar-despre-tinganu-cernica.jpg\" \/>\n\t<meta property=\"og:image:width\" content=\"320\" \/>\n\t<meta property=\"og:image:height\" content=\"300\" \/>\n\t<meta property=\"og:image:type\" content=\"image\/jpeg\" \/>\n<meta name=\"twitter:card\" content=\"summary_large_image\" \/>\n<meta name=\"twitter:label1\" content=\"Est. reading time\" \/>\n\t<meta name=\"twitter:data1\" content=\"5 minutes\" \/>\n<script type=\"application\/ld+json\" class=\"yoast-schema-graph\">{\"@context\":\"https:\/\/schema.org\",\"@graph\":[{\"@type\":\"WebPage\",\"@id\":\"https:\/\/tw.cm.upt.ro\/c7\/?page_id=311\",\"url\":\"https:\/\/tw.cm.upt.ro\/c7\/?page_id=311\",\"name\":\"Omul c\u00e2t tr\u0103ie\u015fte-nva\u0163\u0103! - Hai la o poveste\",\"isPartOf\":{\"@id\":\"https:\/\/tw.cm.upt.ro\/c7\/#website\"},\"primaryImageOfPage\":{\"@id\":\"https:\/\/tw.cm.upt.ro\/c7\/?page_id=311#primaryimage\"},\"image\":{\"@id\":\"https:\/\/tw.cm.upt.ro\/c7\/?page_id=311#primaryimage\"},\"thumbnailUrl\":\"https:\/\/tw.cm.upt.ro\/c7\/wp-content\/uploads\/sites\/94\/2018\/12\/amintirile-unui-octogenar-despre-tinganu-cernica.jpg\",\"datePublished\":\"2018-12-16T01:15:18+00:00\",\"breadcrumb\":{\"@id\":\"https:\/\/tw.cm.upt.ro\/c7\/?page_id=311#breadcrumb\"},\"inLanguage\":\"en-US\",\"potentialAction\":[{\"@type\":\"ReadAction\",\"target\":[\"https:\/\/tw.cm.upt.ro\/c7\/?page_id=311\"]}]},{\"@type\":\"ImageObject\",\"inLanguage\":\"en-US\",\"@id\":\"https:\/\/tw.cm.upt.ro\/c7\/?page_id=311#primaryimage\",\"url\":\"https:\/\/tw.cm.upt.ro\/c7\/wp-content\/uploads\/sites\/94\/2018\/12\/amintirile-unui-octogenar-despre-tinganu-cernica.jpg\",\"contentUrl\":\"https:\/\/tw.cm.upt.ro\/c7\/wp-content\/uploads\/sites\/94\/2018\/12\/amintirile-unui-octogenar-despre-tinganu-cernica.jpg\",\"width\":320,\"height\":300},{\"@type\":\"BreadcrumbList\",\"@id\":\"https:\/\/tw.cm.upt.ro\/c7\/?page_id=311#breadcrumb\",\"itemListElement\":[{\"@type\":\"ListItem\",\"position\":1,\"name\":\"Home\",\"item\":\"https:\/\/tw.cm.upt.ro\/c7\"},{\"@type\":\"ListItem\",\"position\":2,\"name\":\"Povestiri\",\"item\":\"https:\/\/tw.cm.upt.ro\/c7\/?page_id=196\"},{\"@type\":\"ListItem\",\"position\":3,\"name\":\"Omul c\u00e2t tr\u0103ie\u015fte-nva\u0163\u0103!\"}]},{\"@type\":\"WebSite\",\"@id\":\"https:\/\/tw.cm.upt.ro\/c7\/#website\",\"url\":\"https:\/\/tw.cm.upt.ro\/c7\/\",\"name\":\"Hai la o poveste\",\"description\":\"Povestirile ne aduc \u00eempreun\u0103\",\"publisher\":{\"@id\":\"https:\/\/tw.cm.upt.ro\/c7\/#organization\"},\"potentialAction\":[{\"@type\":\"SearchAction\",\"target\":{\"@type\":\"EntryPoint\",\"urlTemplate\":\"https:\/\/tw.cm.upt.ro\/c7\/?s={search_term_string}\"},\"query-input\":{\"@type\":\"PropertyValueSpecification\",\"valueRequired\":true,\"valueName\":\"search_term_string\"}}],\"inLanguage\":\"en-US\"},{\"@type\":\"Organization\",\"@id\":\"https:\/\/tw.cm.upt.ro\/c7\/#organization\",\"name\":\"Hai la o poveste\",\"url\":\"https:\/\/tw.cm.upt.ro\/c7\/\",\"logo\":{\"@type\":\"ImageObject\",\"inLanguage\":\"en-US\",\"@id\":\"https:\/\/tw.cm.upt.ro\/c7\/#\/schema\/logo\/image\/\",\"url\":\"https:\/\/tw.cm.upt.ro\/c7\/wp-content\/uploads\/sites\/94\/2018\/12\/cropped-unaltlogo-1-2.png\",\"contentUrl\":\"https:\/\/tw.cm.upt.ro\/c7\/wp-content\/uploads\/sites\/94\/2018\/12\/cropped-unaltlogo-1-2.png\",\"width\":513,\"height\":260,\"caption\":\"Hai la o poveste\"},\"image\":{\"@id\":\"https:\/\/tw.cm.upt.ro\/c7\/#\/schema\/logo\/image\/\"}}]}<\/script>\n<!-- \/ Yoast SEO plugin. -->","yoast_head_json":{"title":"Omul c\u00e2t tr\u0103ie\u015fte-nva\u0163\u0103! - Hai la o poveste","robots":{"index":"index","follow":"follow","max-snippet":"max-snippet:-1","max-image-preview":"max-image-preview:large","max-video-preview":"max-video-preview:-1"},"canonical":"https:\/\/tw.cm.upt.ro\/c7\/?page_id=311","og_locale":"en_US","og_type":"article","og_title":"Omul c\u00e2t tr\u0103ie\u015fte-nva\u0163\u0103! - Hai la o poveste","og_description":"\u00cenainte de salut, vreau s\u0103 \u015ftii c\u0103 articolul ast\u0103 merit\u0103 s\u0103 \u00eel cite\u015fti doar dac\u0103, \u00een via\u0163a ta, a existat m\u0103car o situa\u0163ie\/experien\u0163\u0103 \u00a0din care ai avut de \u00eenv\u0103\u0163at. \u015etiu c\u0103 ai nevoie de timp \u015fi pentru alte lucruri, a\u015fa c\u0103 nu vreau s\u0103 \u0163i-l r\u0103pesc a\u015fa &#8230;aiurea. Bun\u0103 din nou \u015fi f\u0103r\u0103 alte introduceri..am&hellip;","og_url":"https:\/\/tw.cm.upt.ro\/c7\/?page_id=311","og_site_name":"Hai la o poveste","og_image":[{"width":320,"height":300,"url":"https:\/\/tw.cm.upt.ro\/c7\/wp-content\/uploads\/sites\/94\/2018\/12\/amintirile-unui-octogenar-despre-tinganu-cernica.jpg","type":"image\/jpeg"}],"twitter_card":"summary_large_image","twitter_misc":{"Est. reading time":"5 minutes"},"schema":{"@context":"https:\/\/schema.org","@graph":[{"@type":"WebPage","@id":"https:\/\/tw.cm.upt.ro\/c7\/?page_id=311","url":"https:\/\/tw.cm.upt.ro\/c7\/?page_id=311","name":"Omul c\u00e2t tr\u0103ie\u015fte-nva\u0163\u0103! - Hai la o poveste","isPartOf":{"@id":"https:\/\/tw.cm.upt.ro\/c7\/#website"},"primaryImageOfPage":{"@id":"https:\/\/tw.cm.upt.ro\/c7\/?page_id=311#primaryimage"},"image":{"@id":"https:\/\/tw.cm.upt.ro\/c7\/?page_id=311#primaryimage"},"thumbnailUrl":"https:\/\/tw.cm.upt.ro\/c7\/wp-content\/uploads\/sites\/94\/2018\/12\/amintirile-unui-octogenar-despre-tinganu-cernica.jpg","datePublished":"2018-12-16T01:15:18+00:00","breadcrumb":{"@id":"https:\/\/tw.cm.upt.ro\/c7\/?page_id=311#breadcrumb"},"inLanguage":"en-US","potentialAction":[{"@type":"ReadAction","target":["https:\/\/tw.cm.upt.ro\/c7\/?page_id=311"]}]},{"@type":"ImageObject","inLanguage":"en-US","@id":"https:\/\/tw.cm.upt.ro\/c7\/?page_id=311#primaryimage","url":"https:\/\/tw.cm.upt.ro\/c7\/wp-content\/uploads\/sites\/94\/2018\/12\/amintirile-unui-octogenar-despre-tinganu-cernica.jpg","contentUrl":"https:\/\/tw.cm.upt.ro\/c7\/wp-content\/uploads\/sites\/94\/2018\/12\/amintirile-unui-octogenar-despre-tinganu-cernica.jpg","width":320,"height":300},{"@type":"BreadcrumbList","@id":"https:\/\/tw.cm.upt.ro\/c7\/?page_id=311#breadcrumb","itemListElement":[{"@type":"ListItem","position":1,"name":"Home","item":"https:\/\/tw.cm.upt.ro\/c7"},{"@type":"ListItem","position":2,"name":"Povestiri","item":"https:\/\/tw.cm.upt.ro\/c7\/?page_id=196"},{"@type":"ListItem","position":3,"name":"Omul c\u00e2t tr\u0103ie\u015fte-nva\u0163\u0103!"}]},{"@type":"WebSite","@id":"https:\/\/tw.cm.upt.ro\/c7\/#website","url":"https:\/\/tw.cm.upt.ro\/c7\/","name":"Hai la o poveste","description":"Povestirile ne aduc \u00eempreun\u0103","publisher":{"@id":"https:\/\/tw.cm.upt.ro\/c7\/#organization"},"potentialAction":[{"@type":"SearchAction","target":{"@type":"EntryPoint","urlTemplate":"https:\/\/tw.cm.upt.ro\/c7\/?s={search_term_string}"},"query-input":{"@type":"PropertyValueSpecification","valueRequired":true,"valueName":"search_term_string"}}],"inLanguage":"en-US"},{"@type":"Organization","@id":"https:\/\/tw.cm.upt.ro\/c7\/#organization","name":"Hai la o poveste","url":"https:\/\/tw.cm.upt.ro\/c7\/","logo":{"@type":"ImageObject","inLanguage":"en-US","@id":"https:\/\/tw.cm.upt.ro\/c7\/#\/schema\/logo\/image\/","url":"https:\/\/tw.cm.upt.ro\/c7\/wp-content\/uploads\/sites\/94\/2018\/12\/cropped-unaltlogo-1-2.png","contentUrl":"https:\/\/tw.cm.upt.ro\/c7\/wp-content\/uploads\/sites\/94\/2018\/12\/cropped-unaltlogo-1-2.png","width":513,"height":260,"caption":"Hai la o poveste"},"image":{"@id":"https:\/\/tw.cm.upt.ro\/c7\/#\/schema\/logo\/image\/"}}]}},"_links":{"self":[{"href":"https:\/\/tw.cm.upt.ro\/c7\/index.php?rest_route=\/wp\/v2\/pages\/311","targetHints":{"allow":["GET"]}}],"collection":[{"href":"https:\/\/tw.cm.upt.ro\/c7\/index.php?rest_route=\/wp\/v2\/pages"}],"about":[{"href":"https:\/\/tw.cm.upt.ro\/c7\/index.php?rest_route=\/wp\/v2\/types\/page"}],"author":[{"embeddable":true,"href":"https:\/\/tw.cm.upt.ro\/c7\/index.php?rest_route=\/wp\/v2\/users\/89"}],"replies":[{"embeddable":true,"href":"https:\/\/tw.cm.upt.ro\/c7\/index.php?rest_route=%2Fwp%2Fv2%2Fcomments&post=311"}],"version-history":[{"count":1,"href":"https:\/\/tw.cm.upt.ro\/c7\/index.php?rest_route=\/wp\/v2\/pages\/311\/revisions"}],"predecessor-version":[{"id":312,"href":"https:\/\/tw.cm.upt.ro\/c7\/index.php?rest_route=\/wp\/v2\/pages\/311\/revisions\/312"}],"up":[{"embeddable":true,"href":"https:\/\/tw.cm.upt.ro\/c7\/index.php?rest_route=\/wp\/v2\/pages\/196"}],"wp:featuredmedia":[{"embeddable":true,"href":"https:\/\/tw.cm.upt.ro\/c7\/index.php?rest_route=\/wp\/v2\/media\/309"}],"wp:attachment":[{"href":"https:\/\/tw.cm.upt.ro\/c7\/index.php?rest_route=%2Fwp%2Fv2%2Fmedia&parent=311"}],"curies":[{"name":"wp","href":"https:\/\/api.w.org\/{rel}","templated":true}]}}