{"id":2,"date":"2019-10-03T15:29:53","date_gmt":"2019-10-03T15:29:53","guid":{"rendered":"http:\/\/tw.cm.upt.ro\/d17\/?page_id=2"},"modified":"2019-12-09T20:08:45","modified_gmt":"2019-12-09T20:08:45","slug":"sample-page","status":"publish","type":"page","link":"https:\/\/tw.cm.upt.ro\/d17\/sample-page\/","title":{"rendered":"Despre noi (eu \u0219i blogul)"},"content":{"rendered":"<div id=\"fb-root\"><\/div>\n\n<p>Hello world!<\/p>\n\n\n\n<p>Pentru \u00eenceput haide\u021bi s\u0103 ne cunoa\u0219tem! <\/p>\n\n\n\n<blockquote class=\"wp-block-quote is-layout-flow wp-block-quote-is-layout-flow\"><p>M\u0103 numesc Cristiana-Cosmina Popa, am 22 ani, sunt student\u0103 la Media Digital\u0103 \u0219i lucrez \u00een domeniul IT.<\/p><p> Sunt n\u0103scut\u0103 pe 16 decembrie \u0219i sunt zodia S\u0103get\u0103tor. M-a\u0219 descrie ca fiind o persoan\u0103 liber\u0103 \u0219i aventuroas\u0103. Totodat\u0103 sunt o persoan\u0103 simpl\u0103, direct\u0103 \u0219i c\u00e2teodat\u0103 foarte \u201eefervescent\u0103\u201d.<\/p><\/blockquote>\n\n\n\n<p>Despre blog<\/p>\n\n\n\n<blockquote class=\"wp-block-quote is-layout-flow wp-block-quote-is-layout-flow\"><p>\u00cen primul r\u00e2nd, logo-ul blogului reprezint\u0103 acronimul numelui meu, respectiv CCP. <\/p><p>\u00cen al doilea r\u00e2nd, acest blog este un proiect realizat \u00een cadrul facult\u0103\u021bii, de\u0219i totodat\u0103 mereu mi-am dorit un blog. <\/p><p>Are o structur\u0103 simpl\u0103, alb\u0103, deoarece consider c\u0103 m\u0103 reprezint\u0103 pe mine ca \u0219i persoan\u0103.<\/p><p>Nu \u00een ultimul r\u00e2nd, sper ca pasiunea mea pentru scris s\u0103 v\u0103 \u00eenc\u00e2nte gusturile.<\/p><\/blockquote>\n\n\n\n<p>Dac\u0103 a\u021bi ajuns s\u0103 citi\u021bi p\u00e2n\u0103 aici, sper ca articolele mele s\u0103 v\u0103 aduc\u0103 un z\u00e2mbet \u00een col\u021bul gurii!<\/p>\n","protected":false},"excerpt":{"rendered":"<p>Hello world! Pentru \u00eenceput haide\u021bi s\u0103 ne cunoa\u0219tem! M\u0103 numesc Cristiana-Cosmina Popa, am 22 ani, sunt student\u0103 la Media Digital\u0103 \u0219i lucrez \u00een domeniul IT. Sunt n\u0103scut\u0103 pe 16 decembrie \u0219i sunt zodia S\u0103get\u0103tor. M-a\u0219 descrie ca fiind o persoan\u0103 liber\u0103 \u0219i aventuroas\u0103. Totodat\u0103 sunt o persoan\u0103 simpl\u0103, direct\u0103 \u0219i c\u00e2teodat\u0103 foarte \u201eefervescent\u0103\u201d. Despre blog&hellip; <\/p>\n","protected":false},"author":134,"featured_media":0,"parent":0,"menu_order":0,"comment_status":"closed","ping_status":"open","template":"","meta":{"wprm-recipe-roundup-name":"","wprm-recipe-roundup-description":"","ngg_post_thumbnail":0,"footnotes":""},"class_list":["post-2","page","type-page","status-publish","hentry"],"yoast_head":"<!-- This site is optimized with the Yoast SEO plugin v27.1.1 - https:\/\/yoast.com\/product\/yoast-seo-wordpress\/ -->\n<title>Despre noi (eu \u0219i blogul) - CCP<\/title>\n<meta name=\"robots\" content=\"index, follow, max-snippet:-1, max-image-preview:large, max-video-preview:-1\" \/>\n<link rel=\"canonical\" href=\"https:\/\/tw.cm.upt.ro\/d17\/sample-page\/\" \/>\n<meta property=\"og:locale\" content=\"en_US\" \/>\n<meta property=\"og:type\" content=\"article\" \/>\n<meta property=\"og:title\" content=\"Despre noi (eu \u0219i blogul) - CCP\" \/>\n<meta property=\"og:description\" content=\"Hello world! Pentru \u00eenceput haide\u021bi s\u0103 ne cunoa\u0219tem! M\u0103 numesc Cristiana-Cosmina Popa, am 22 ani, sunt student\u0103 la Media Digital\u0103 \u0219i lucrez \u00een domeniul IT. Sunt n\u0103scut\u0103 pe 16 decembrie \u0219i sunt zodia S\u0103get\u0103tor. M-a\u0219 descrie ca fiind o persoan\u0103 liber\u0103 \u0219i aventuroas\u0103. Totodat\u0103 sunt o persoan\u0103 simpl\u0103, direct\u0103 \u0219i c\u00e2teodat\u0103 foarte \u201eefervescent\u0103\u201d. Despre blog&hellip;\" \/>\n<meta property=\"og:url\" content=\"https:\/\/tw.cm.upt.ro\/d17\/sample-page\/\" \/>\n<meta property=\"og:site_name\" content=\"CCP\" \/>\n<meta property=\"article:modified_time\" content=\"2019-12-09T20:08:45+00:00\" \/>\n<meta name=\"twitter:card\" content=\"summary_large_image\" \/>\n<meta name=\"twitter:label1\" content=\"Est. reading time\" \/>\n\t<meta name=\"twitter:data1\" content=\"1 minute\" \/>\n<script type=\"application\/ld+json\" class=\"yoast-schema-graph\">{\"@context\":\"https:\/\/schema.org\",\"@graph\":[{\"@type\":\"WebPage\",\"@id\":\"https:\/\/tw.cm.upt.ro\/d17\/sample-page\/\",\"url\":\"https:\/\/tw.cm.upt.ro\/d17\/sample-page\/\",\"name\":\"Despre noi (eu \u0219i blogul) - CCP\",\"isPartOf\":{\"@id\":\"https:\/\/tw.cm.upt.ro\/d17\/#website\"},\"datePublished\":\"2019-10-03T15:29:53+00:00\",\"dateModified\":\"2019-12-09T20:08:45+00:00\",\"breadcrumb\":{\"@id\":\"https:\/\/tw.cm.upt.ro\/d17\/sample-page\/#breadcrumb\"},\"inLanguage\":\"en-US\",\"potentialAction\":[{\"@type\":\"ReadAction\",\"target\":[\"https:\/\/tw.cm.upt.ro\/d17\/sample-page\/\"]}]},{\"@type\":\"BreadcrumbList\",\"@id\":\"https:\/\/tw.cm.upt.ro\/d17\/sample-page\/#breadcrumb\",\"itemListElement\":[{\"@type\":\"ListItem\",\"position\":1,\"name\":\"Home\",\"item\":\"https:\/\/tw.cm.upt.ro\/d17\/\"},{\"@type\":\"ListItem\",\"position\":2,\"name\":\"Despre noi (eu \u0219i blogul)\"}]},{\"@type\":\"WebSite\",\"@id\":\"https:\/\/tw.cm.upt.ro\/d17\/#website\",\"url\":\"https:\/\/tw.cm.upt.ro\/d17\/\",\"name\":\"CCP\",\"description\":\"\",\"publisher\":{\"@id\":\"https:\/\/tw.cm.upt.ro\/d17\/#\/schema\/person\/e1bb22a07b90ef1abcbcee603055d02b\"},\"potentialAction\":[{\"@type\":\"SearchAction\",\"target\":{\"@type\":\"EntryPoint\",\"urlTemplate\":\"https:\/\/tw.cm.upt.ro\/d17\/?s={search_term_string}\"},\"query-input\":{\"@type\":\"PropertyValueSpecification\",\"valueRequired\":true,\"valueName\":\"search_term_string\"}}],\"inLanguage\":\"en-US\"},{\"@type\":[\"Person\",\"Organization\"],\"@id\":\"https:\/\/tw.cm.upt.ro\/d17\/#\/schema\/person\/e1bb22a07b90ef1abcbcee603055d02b\",\"name\":\"d17\",\"image\":{\"@type\":\"ImageObject\",\"inLanguage\":\"en-US\",\"@id\":\"https:\/\/tw.cm.upt.ro\/d17\/#\/schema\/person\/image\/\",\"url\":\"https:\/\/tw.cm.upt.ro\/d17\/wp-content\/uploads\/sites\/139\/2019\/12\/cropped-LogoSample_ByTailorBrands.jpg\",\"contentUrl\":\"https:\/\/tw.cm.upt.ro\/d17\/wp-content\/uploads\/sites\/139\/2019\/12\/cropped-LogoSample_ByTailorBrands.jpg\",\"width\":220,\"height\":220,\"caption\":\"d17\"},\"logo\":{\"@id\":\"https:\/\/tw.cm.upt.ro\/d17\/#\/schema\/person\/image\/\"}}]}<\/script>\n<!-- \/ Yoast SEO plugin. -->","yoast_head_json":{"title":"Despre noi (eu \u0219i blogul) - CCP","robots":{"index":"index","follow":"follow","max-snippet":"max-snippet:-1","max-image-preview":"max-image-preview:large","max-video-preview":"max-video-preview:-1"},"canonical":"https:\/\/tw.cm.upt.ro\/d17\/sample-page\/","og_locale":"en_US","og_type":"article","og_title":"Despre noi (eu \u0219i blogul) - CCP","og_description":"Hello world! Pentru \u00eenceput haide\u021bi s\u0103 ne cunoa\u0219tem! M\u0103 numesc Cristiana-Cosmina Popa, am 22 ani, sunt student\u0103 la Media Digital\u0103 \u0219i lucrez \u00een domeniul IT. Sunt n\u0103scut\u0103 pe 16 decembrie \u0219i sunt zodia S\u0103get\u0103tor. M-a\u0219 descrie ca fiind o persoan\u0103 liber\u0103 \u0219i aventuroas\u0103. Totodat\u0103 sunt o persoan\u0103 simpl\u0103, direct\u0103 \u0219i c\u00e2teodat\u0103 foarte \u201eefervescent\u0103\u201d. Despre blog&hellip;","og_url":"https:\/\/tw.cm.upt.ro\/d17\/sample-page\/","og_site_name":"CCP","article_modified_time":"2019-12-09T20:08:45+00:00","twitter_card":"summary_large_image","twitter_misc":{"Est. reading time":"1 minute"},"schema":{"@context":"https:\/\/schema.org","@graph":[{"@type":"WebPage","@id":"https:\/\/tw.cm.upt.ro\/d17\/sample-page\/","url":"https:\/\/tw.cm.upt.ro\/d17\/sample-page\/","name":"Despre noi (eu \u0219i blogul) - CCP","isPartOf":{"@id":"https:\/\/tw.cm.upt.ro\/d17\/#website"},"datePublished":"2019-10-03T15:29:53+00:00","dateModified":"2019-12-09T20:08:45+00:00","breadcrumb":{"@id":"https:\/\/tw.cm.upt.ro\/d17\/sample-page\/#breadcrumb"},"inLanguage":"en-US","potentialAction":[{"@type":"ReadAction","target":["https:\/\/tw.cm.upt.ro\/d17\/sample-page\/"]}]},{"@type":"BreadcrumbList","@id":"https:\/\/tw.cm.upt.ro\/d17\/sample-page\/#breadcrumb","itemListElement":[{"@type":"ListItem","position":1,"name":"Home","item":"https:\/\/tw.cm.upt.ro\/d17\/"},{"@type":"ListItem","position":2,"name":"Despre noi (eu \u0219i blogul)"}]},{"@type":"WebSite","@id":"https:\/\/tw.cm.upt.ro\/d17\/#website","url":"https:\/\/tw.cm.upt.ro\/d17\/","name":"CCP","description":"","publisher":{"@id":"https:\/\/tw.cm.upt.ro\/d17\/#\/schema\/person\/e1bb22a07b90ef1abcbcee603055d02b"},"potentialAction":[{"@type":"SearchAction","target":{"@type":"EntryPoint","urlTemplate":"https:\/\/tw.cm.upt.ro\/d17\/?s={search_term_string}"},"query-input":{"@type":"PropertyValueSpecification","valueRequired":true,"valueName":"search_term_string"}}],"inLanguage":"en-US"},{"@type":["Person","Organization"],"@id":"https:\/\/tw.cm.upt.ro\/d17\/#\/schema\/person\/e1bb22a07b90ef1abcbcee603055d02b","name":"d17","image":{"@type":"ImageObject","inLanguage":"en-US","@id":"https:\/\/tw.cm.upt.ro\/d17\/#\/schema\/person\/image\/","url":"https:\/\/tw.cm.upt.ro\/d17\/wp-content\/uploads\/sites\/139\/2019\/12\/cropped-LogoSample_ByTailorBrands.jpg","contentUrl":"https:\/\/tw.cm.upt.ro\/d17\/wp-content\/uploads\/sites\/139\/2019\/12\/cropped-LogoSample_ByTailorBrands.jpg","width":220,"height":220,"caption":"d17"},"logo":{"@id":"https:\/\/tw.cm.upt.ro\/d17\/#\/schema\/person\/image\/"}}]}},"_links":{"self":[{"href":"https:\/\/tw.cm.upt.ro\/d17\/wp-json\/wp\/v2\/pages\/2","targetHints":{"allow":["GET"]}}],"collection":[{"href":"https:\/\/tw.cm.upt.ro\/d17\/wp-json\/wp\/v2\/pages"}],"about":[{"href":"https:\/\/tw.cm.upt.ro\/d17\/wp-json\/wp\/v2\/types\/page"}],"author":[{"embeddable":true,"href":"https:\/\/tw.cm.upt.ro\/d17\/wp-json\/wp\/v2\/users\/134"}],"replies":[{"embeddable":true,"href":"https:\/\/tw.cm.upt.ro\/d17\/wp-json\/wp\/v2\/comments?post=2"}],"version-history":[{"count":2,"href":"https:\/\/tw.cm.upt.ro\/d17\/wp-json\/wp\/v2\/pages\/2\/revisions"}],"predecessor-version":[{"id":14,"href":"https:\/\/tw.cm.upt.ro\/d17\/wp-json\/wp\/v2\/pages\/2\/revisions\/14"}],"wp:attachment":[{"href":"https:\/\/tw.cm.upt.ro\/d17\/wp-json\/wp\/v2\/media?parent=2"}],"curies":[{"name":"wp","href":"https:\/\/api.w.org\/{rel}","templated":true}]}}